{"id":6,"date":"2022-12-12T13:43:27","date_gmt":"2022-12-12T13:43:27","guid":{"rendered":"https:\/\/bestatter.nedigoit.de\/?page_id=6"},"modified":"2023-11-27T11:13:33","modified_gmt":"2023-11-27T11:13:33","slug":"startseite","status":"publish","type":"page","link":"https:\/\/bestatterverband-saar.de\/","title":{"rendered":"Startseite"},"content":{"rendered":"\n<div class=\"wp-block-nk-awb nk-awb alignfull\"><div class=\"nk-awb-wrap-content is-layout-constrained wp-block-nk-awb-is-layout-constrained\">\n<div class=\"wp-block-nk-awb nk-awb alignfull\"><div class=\"nk-awb-wrap\" data-awb-type=\"image\" data-awb-parallax=\"scroll\" data-awb-parallax-speed=\"0.5\" data-awb-parallax-mobile=\"true\" data-awb-image-background-size=\"cover\" data-awb-image-background-position=\"50% 57%\"><div class=\"nk-awb-inner\"><img loading=\"lazy\" decoding=\"async\" src=\"https:\/\/bestatterverband-saar.de\/wp-content\/uploads\/2023\/07\/in-the-saar-loop-gbee152d70_1280.jpg\" class=\"wp-image-577 jarallax-img\" width=\"1280\" height=\"960\" srcset=\"https:\/\/bestatterverband-saar.de\/wp-content\/uploads\/2023\/07\/in-the-saar-loop-gbee152d70_1280.jpg 1280w, https:\/\/bestatterverband-saar.de\/wp-content\/uploads\/2023\/07\/in-the-saar-loop-gbee152d70_1280-300x225.jpg 300w, https:\/\/bestatterverband-saar.de\/wp-content\/uploads\/2023\/07\/in-the-saar-loop-gbee152d70_1280-1024x768.jpg 1024w, https:\/\/bestatterverband-saar.de\/wp-content\/uploads\/2023\/07\/in-the-saar-loop-gbee152d70_1280-768x576.jpg 768w, https:\/\/bestatterverband-saar.de\/wp-content\/uploads\/2023\/07\/in-the-saar-loop-gbee152d70_1280-500x375.jpg 500w, https:\/\/bestatterverband-saar.de\/wp-content\/uploads\/2023\/07\/in-the-saar-loop-gbee152d70_1280-800x600.jpg 800w\" sizes=\"auto, (max-width: 1280px) 100vw, 1280px\" \/><\/div><\/div><div class=\"nk-awb-wrap-content is-layout-constrained wp-block-nk-awb-is-layout-constrained\">\n<div style=\"height:100px\" aria-hidden=\"true\" class=\"wp-block-spacer\"><\/div>\n\n\n\n<p class=\"has-text-align-center text-shadow-effect has-white-color has-text-color has-large-font-size\"><strong>BESTATTERVERBAND SAARLAND<\/strong><\/p>\n\n\n\n<hr class=\"wp-block-separator aligncenter has-alpha-channel-opacity is-style-default\"\/>\n\n\n\n<p class=\"has-text-align-center text-shadow-effect has-white-color has-text-color has-medium-font-size\">Gegr\u00fcndet 1947 als \u201eFachgemeinschaft f\u00fcr das Bestattungswesen im Saargebiet\u201c<\/p>\n\n\n\n<div style=\"height:100px\" aria-hidden=\"true\" class=\"wp-block-spacer\"><\/div>\n<\/div><\/div>\n<\/div><\/div>\n\n\n\n<div style=\"height:100px\" aria-hidden=\"true\" class=\"wp-block-spacer\"><\/div>\n\n\n\n<div class=\"wp-block-cover alignfull is-light\"><span aria-hidden=\"true\" class=\"wp-block-cover__background has-pale-cyan-blue-background-color has-background-dim-100 has-background-dim\"><\/span><div class=\"wp-block-cover__inner-container is-layout-flow wp-block-cover-is-layout-flow\">\n<p class=\"has-text-align-center has-large-font-size\">&#8222;Den richtigen Ton finden, wo anderen die Worte fehlen.&#8220;<\/p>\n\n\n\n<p class=\"has-text-align-center padding_lr has-medium-font-size\"><em>Das Spektrum der Aufgaben eines Bestatters ist umfassend. Welche Aufgaben im Fokus liegen, h\u00e4ngt dabei immer vom Bestattungsunternehmen ab. Einige Bestatter sehen sich prim\u00e4r als Begleiter, der mit den Angeh\u00f6rigen durch die schweren Stunden des Abschieds geht. Durch einen geschulten Umgang mit Hinterbliebenen und langj\u00e4hriger Erfahrung mit Todesf\u00e4llen unterst\u00fctzen sie die Angeh\u00f6rigen mit Empathie.<\/em><\/p>\n<\/div><\/div>\n\n\n\n<div style=\"height:100px\" aria-hidden=\"true\" class=\"wp-block-spacer\"><\/div>\n\n\n\n<div class=\"wp-block-columns is-layout-flex wp-container-core-columns-is-layout-9d6595d7 wp-block-columns-is-layout-flex\">\n<div class=\"wp-block-column is-layout-flow wp-block-column-is-layout-flow\"><div class=\"wp-block-image\">\n<figure class=\"aligncenter size-full is-resized\"><img loading=\"lazy\" decoding=\"async\" width=\"1531\" height=\"1531\" src=\"https:\/\/bestatterverband-saar.de\/wp-content\/uploads\/2023\/11\/Verband.jpg\" alt=\"\" class=\"wp-image-592\" style=\"width:216px;height:auto\" srcset=\"https:\/\/bestatterverband-saar.de\/wp-content\/uploads\/2023\/11\/Verband.jpg 1531w, https:\/\/bestatterverband-saar.de\/wp-content\/uploads\/2023\/11\/Verband-300x300.jpg 300w, https:\/\/bestatterverband-saar.de\/wp-content\/uploads\/2023\/11\/Verband-1024x1024.jpg 1024w, https:\/\/bestatterverband-saar.de\/wp-content\/uploads\/2023\/11\/Verband-150x150.jpg 150w, https:\/\/bestatterverband-saar.de\/wp-content\/uploads\/2023\/11\/Verband-768x768.jpg 768w, https:\/\/bestatterverband-saar.de\/wp-content\/uploads\/2023\/11\/Verband-500x500.jpg 500w, https:\/\/bestatterverband-saar.de\/wp-content\/uploads\/2023\/11\/Verband-800x800.jpg 800w, https:\/\/bestatterverband-saar.de\/wp-content\/uploads\/2023\/11\/Verband-1280x1280.jpg 1280w, https:\/\/bestatterverband-saar.de\/wp-content\/uploads\/2023\/11\/Verband-230x230.jpg 230w, https:\/\/bestatterverband-saar.de\/wp-content\/uploads\/2023\/11\/Verband-330x330.jpg 330w\" sizes=\"auto, (max-width: 1531px) 100vw, 1531px\" \/><\/figure>\n<\/div>\n\n\n<h2 class=\"wp-block-heading has-text-align-center has-text-color\" style=\"color:#2074bc\"><strong>Der Verband<\/strong><\/h2>\n\n\n\n<p class=\"has-text-align-center\">Erfahren Sie mehr \u00fcber den Fokus des Verbands, aber auch konkret, welche Leistungen und M\u00f6glichkeiten wir unseren Mitgliedern bieten!<\/p>\n\n\n\n<div class=\"wp-block-buttons is-layout-flex wp-block-buttons-is-layout-flex\">\n<div class=\"wp-block-button aligncenter is-style-outline is-style-outline--1\"><a class=\"wp-block-button__link wp-element-button\" href=\"https:\/\/bestatterverband-saar.de\/index.php\/unser-selbstverstaendnis\/\" style=\"border-radius:20px\" target=\"_blank\" rel=\"noreferrer noopener\">Mehr erfahren &gt;<\/a><\/div>\n<\/div>\n<\/div>\n\n\n\n<div class=\"wp-block-column is-layout-flow wp-block-column-is-layout-flow\"><div class=\"wp-block-image\">\n<figure class=\"aligncenter size-full is-resized\"><img loading=\"lazy\" decoding=\"async\" width=\"2089\" height=\"1121\" src=\"https:\/\/bestatterverband-saar.de\/wp-content\/uploads\/2023\/11\/Vorsorge.jpg\" alt=\"\" class=\"wp-image-589\" style=\"width:300px;height:auto\" srcset=\"https:\/\/bestatterverband-saar.de\/wp-content\/uploads\/2023\/11\/Vorsorge.jpg 2089w, https:\/\/bestatterverband-saar.de\/wp-content\/uploads\/2023\/11\/Vorsorge-300x161.jpg 300w, https:\/\/bestatterverband-saar.de\/wp-content\/uploads\/2023\/11\/Vorsorge-1024x549.jpg 1024w, https:\/\/bestatterverband-saar.de\/wp-content\/uploads\/2023\/11\/Vorsorge-768x412.jpg 768w, https:\/\/bestatterverband-saar.de\/wp-content\/uploads\/2023\/11\/Vorsorge-1536x824.jpg 1536w, https:\/\/bestatterverband-saar.de\/wp-content\/uploads\/2023\/11\/Vorsorge-2048x1099.jpg 2048w, https:\/\/bestatterverband-saar.de\/wp-content\/uploads\/2023\/11\/Vorsorge-500x268.jpg 500w, https:\/\/bestatterverband-saar.de\/wp-content\/uploads\/2023\/11\/Vorsorge-800x429.jpg 800w, https:\/\/bestatterverband-saar.de\/wp-content\/uploads\/2023\/11\/Vorsorge-1280x687.jpg 1280w, https:\/\/bestatterverband-saar.de\/wp-content\/uploads\/2023\/11\/Vorsorge-1920x1030.jpg 1920w\" sizes=\"auto, (max-width: 2089px) 100vw, 2089px\" \/><\/figure>\n<\/div>\n\n\n<p><\/p>\n\n\n\n<h2 class=\"wp-block-heading has-text-align-center has-text-color\" style=\"color:#2074bc\"><strong>Todesfall &amp; Vorsorge<\/strong><\/h2>\n\n\n\n<p class=\"has-text-align-center\">Die ersten Schritte sind meist die Schwersten. Wir helfen Ihnen im Todesfall, aber auch in Fragen der Vorsorge kompetent und professionell weiter.&nbsp;<\/p>\n\n\n\n<div class=\"wp-block-buttons is-layout-flex wp-block-buttons-is-layout-flex\">\n<div class=\"wp-block-button aligncenter is-style-outline is-style-outline--2\"><a class=\"wp-block-button__link wp-element-button\" href=\"https:\/\/bestatterverband-saar.de\/index.php\/was-tun-im-trauerfall\/\" style=\"border-radius:20px\" target=\"_blank\" rel=\"noreferrer noopener\">Mehr erfahren &gt;<\/a><\/div>\n<\/div>\n<\/div>\n\n\n\n<div class=\"wp-block-column is-layout-flow wp-block-column-is-layout-flow\">\n<figure class=\"wp-block-gallery aligncenter has-nested-images columns-default is-cropped is-style-default wp-block-gallery-3 is-layout-flex wp-block-gallery-is-layout-flex\">\n<figure class=\"wp-block-image size-full\"><img loading=\"lazy\" decoding=\"async\" width=\"1875\" height=\"1250\" data-id=\"587\" src=\"https:\/\/bestatterverband-saar.de\/wp-content\/uploads\/2023\/11\/Ausbildung-1.jpg\" alt=\"\" class=\"wp-image-587\" srcset=\"https:\/\/bestatterverband-saar.de\/wp-content\/uploads\/2023\/11\/Ausbildung-1.jpg 1875w, https:\/\/bestatterverband-saar.de\/wp-content\/uploads\/2023\/11\/Ausbildung-1-300x200.jpg 300w, https:\/\/bestatterverband-saar.de\/wp-content\/uploads\/2023\/11\/Ausbildung-1-1024x683.jpg 1024w, https:\/\/bestatterverband-saar.de\/wp-content\/uploads\/2023\/11\/Ausbildung-1-768x512.jpg 768w, https:\/\/bestatterverband-saar.de\/wp-content\/uploads\/2023\/11\/Ausbildung-1-1536x1024.jpg 1536w, https:\/\/bestatterverband-saar.de\/wp-content\/uploads\/2023\/11\/Ausbildung-1-500x333.jpg 500w, https:\/\/bestatterverband-saar.de\/wp-content\/uploads\/2023\/11\/Ausbildung-1-800x533.jpg 800w, https:\/\/bestatterverband-saar.de\/wp-content\/uploads\/2023\/11\/Ausbildung-1-1280x853.jpg 1280w, https:\/\/bestatterverband-saar.de\/wp-content\/uploads\/2023\/11\/Ausbildung-1-450x300.jpg 450w\" sizes=\"auto, (max-width: 1875px) 100vw, 1875px\" \/><\/figure>\n<\/figure>\n\n\n\n<h2 class=\"wp-block-heading has-text-align-center has-text-color\" style=\"color:#2074bc\"><strong>Ausbildung<\/strong><\/h2>\n\n\n\n<p class=\"has-text-align-center\">Die Aus- und Weiterbildung im Bestattungs-gewerbe hat Tradition. Informieren Sie sich hier \u00fcber Ihre M\u00f6glichkeiten im Bestatterverband Saarland e.V.<\/p>\n\n\n\n<div class=\"wp-block-buttons is-layout-flex wp-block-buttons-is-layout-flex\">\n<div class=\"wp-block-button aligncenter is-style-outline is-style-outline--4\"><a class=\"wp-block-button__link wp-element-button\" href=\"https:\/\/bestatterverband-saar.de\/index.php\/wissen-schafft-qualitaet\/\" style=\"border-radius:20px\" target=\"_blank\" rel=\"noreferrer noopener\">Mehr erfahren &gt;<\/a><\/div>\n<\/div>\n<\/div>\n<\/div>\n","protected":false},"excerpt":{"rendered":"<p>Der Verband Erfahren Sie mehr \u00fcber den Fokus des Verbands, aber auch konkret, welche Leistungen und M\u00f6glichkeiten wir unseren Mitgliedern bieten! Todesfall &amp; Vorsorge Die ersten Schritte sind meist die Schwersten. Wir helfen Ihnen im Todesfall, aber auch in Fragen<a class=\"more-link\" href=\"https:\/\/bestatterverband-saar.de\/\" title=\"Startseite\"><span>Read more<\/span><\/a><\/p>\n","protected":false},"author":1,"featured_media":0,"parent":0,"menu_order":0,"comment_status":"closed","ping_status":"closed","template":"","meta":{"footnotes":""},"class_list":["post-6","page","type-page","status-publish","hentry"],"_links":{"self":[{"href":"https:\/\/bestatterverband-saar.de\/index.php\/wp-json\/wp\/v2\/pages\/6","targetHints":{"allow":["GET"]}}],"collection":[{"href":"https:\/\/bestatterverband-saar.de\/index.php\/wp-json\/wp\/v2\/pages"}],"about":[{"href":"https:\/\/bestatterverband-saar.de\/index.php\/wp-json\/wp\/v2\/types\/page"}],"author":[{"embeddable":true,"href":"https:\/\/bestatterverband-saar.de\/index.php\/wp-json\/wp\/v2\/users\/1"}],"replies":[{"embeddable":true,"href":"https:\/\/bestatterverband-saar.de\/index.php\/wp-json\/wp\/v2\/comments?post=6"}],"version-history":[{"count":48,"href":"https:\/\/bestatterverband-saar.de\/index.php\/wp-json\/wp\/v2\/pages\/6\/revisions"}],"predecessor-version":[{"id":595,"href":"https:\/\/bestatterverband-saar.de\/index.php\/wp-json\/wp\/v2\/pages\/6\/revisions\/595"}],"wp:attachment":[{"href":"https:\/\/bestatterverband-saar.de\/index.php\/wp-json\/wp\/v2\/media?parent=6"}],"curies":[{"name":"wp","href":"https:\/\/api.w.org\/{rel}","templated":true}]}}

<div class="wp-block-nk-awb nk-awb alignfull"><div class="nk-awb-wrap-content is-layout-constrained wp-block-nk-awb-is-layout-constrained">
<div class="wp-block-nk-awb nk-awb alignfull"><div class="nk-awb-wrap" data-awb-type="image" data-awb-parallax="scroll" data-awb-parallax-speed="0.5" data-awb-parallax-mobile="true" data-awb-image-background-size="cover" data-awb-image-background-position="50% 57%"><div class="nk-awb-inner"><img loading="lazy" decoding="async" src="https://bestatterverband-saar.de/wp-content/uploads/2023/07/in-the-saar-loop-gbee152d70_1280.jpg" class="wp-image-577 jarallax-img" width="1280" height="960" srcset="https://bestatterverband-saar.de/wp-content/uploads/2023/07/in-the-saar-loop-gbee152d70_1280.jpg 1280w, https://bestatterverband-saar.de/wp-content/uploads/2023/07/in-the-saar-loop-gbee152d70_1280-300x225.jpg 300w, https://bestatterverband-saar.de/wp-content/uploads/2023/07/in-the-saar-loop-gbee152d70_1280-1024x768.jpg 1024w, https://bestatterverband-saar.de/wp-content/uploads/2023/07/in-the-saar-loop-gbee152d70_1280-768x576.jpg 768w, https://bestatterverband-saar.de/wp-content/uploads/2023/07/in-the-saar-loop-gbee152d70_1280-500x375.jpg 500w, https://bestatterverband-saar.de/wp-content/uploads/2023/07/in-the-saar-loop-gbee152d70_1280-800x600.jpg 800w" sizes="auto, (max-width: 1280px) 100vw, 1280px" /></div></div><div class="nk-awb-wrap-content is-layout-constrained wp-block-nk-awb-is-layout-constrained">
<div style="height:100px" aria-hidden="true" class="wp-block-spacer"></div>



<p class="has-text-align-center text-shadow-effect has-white-color has-text-color has-large-font-size"><strong>BESTATTERVERBAND SAARLAND</strong></p>



<hr class="wp-block-separator aligncenter has-alpha-channel-opacity is-style-default"/>



<p class="has-text-align-center text-shadow-effect has-white-color has-text-color has-medium-font-size">Gegründet 1947 als „Fachgemeinschaft für das Bestattungswesen im Saargebiet“</p>



<div style="height:100px" aria-hidden="true" class="wp-block-spacer"></div>
</div></div>
</div></div>



<div style="height:100px" aria-hidden="true" class="wp-block-spacer"></div>



<div class="wp-block-cover alignfull is-light"><span aria-hidden="true" class="wp-block-cover__background has-pale-cyan-blue-background-color has-background-dim-100 has-background-dim"></span><div class="wp-block-cover__inner-container is-layout-flow wp-block-cover-is-layout-flow">
<p class="has-text-align-center has-large-font-size">&#8222;Den richtigen Ton finden, wo anderen die Worte fehlen.&#8220;</p>



<p class="has-text-align-center padding_lr has-medium-font-size"><em>Das Spektrum der Aufgaben eines Bestatters ist umfassend. Welche Aufgaben im Fokus liegen, hängt dabei immer vom Bestattungsunternehmen ab. Einige Bestatter sehen sich primär als Begleiter, der mit den Angehörigen durch die schweren Stunden des Abschieds geht. Durch einen geschulten Umgang mit Hinterbliebenen und langjähriger Erfahrung mit Todesfällen unterstützen sie die Angehörigen mit Empathie.</em></p>
</div></div>



<div style="height:100px" aria-hidden="true" class="wp-block-spacer"></div>



<div class="wp-block-columns is-layout-flex wp-container-core-columns-is-layout-9d6595d7 wp-block-columns-is-layout-flex">
<div class="wp-block-column is-layout-flow wp-block-column-is-layout-flow"><div class="wp-block-image">
<figure class="aligncenter size-full is-resized"><img loading="lazy" decoding="async" width="1531" height="1531" src="https://bestatterverband-saar.de/wp-content/uploads/2023/11/Verband.jpg" alt="" class="wp-image-592" style="width:216px;height:auto" srcset="https://bestatterverband-saar.de/wp-content/uploads/2023/11/Verband.jpg 1531w, https://bestatterverband-saar.de/wp-content/uploads/2023/11/Verband-300x300.jpg 300w, https://bestatterverband-saar.de/wp-content/uploads/2023/11/Verband-1024x1024.jpg 1024w, https://bestatterverband-saar.de/wp-content/uploads/2023/11/Verband-150x150.jpg 150w, https://bestatterverband-saar.de/wp-content/uploads/2023/11/Verband-768x768.jpg 768w, https://bestatterverband-saar.de/wp-content/uploads/2023/11/Verband-500x500.jpg 500w, https://bestatterverband-saar.de/wp-content/uploads/2023/11/Verband-800x800.jpg 800w, https://bestatterverband-saar.de/wp-content/uploads/2023/11/Verband-1280x1280.jpg 1280w, https://bestatterverband-saar.de/wp-content/uploads/2023/11/Verband-230x230.jpg 230w, https://bestatterverband-saar.de/wp-content/uploads/2023/11/Verband-330x330.jpg 330w" sizes="auto, (max-width: 1531px) 100vw, 1531px" /></figure>
</div>


<h2 class="wp-block-heading has-text-align-center has-text-color" style="color:#2074bc"><strong>Der Verband</strong></h2>



<p class="has-text-align-center">Erfahren Sie mehr über den Fokus des Verbands, aber auch konkret, welche Leistungen und Möglichkeiten wir unseren Mitgliedern bieten!</p>



<div class="wp-block-buttons is-layout-flex wp-block-buttons-is-layout-flex">
<div class="wp-block-button aligncenter is-style-outline is-style-outline--1"><a class="wp-block-button__link wp-element-button" href="https://bestatterverband-saar.de/index.php/unser-selbstverstaendnis/" style="border-radius:20px" target="_blank" rel="noreferrer noopener">Mehr erfahren &gt;</a></div>
</div>
</div>



<div class="wp-block-column is-layout-flow wp-block-column-is-layout-flow"><div class="wp-block-image">
<figure class="aligncenter size-full is-resized"><img loading="lazy" decoding="async" width="2089" height="1121" src="https://bestatterverband-saar.de/wp-content/uploads/2023/11/Vorsorge.jpg" alt="" class="wp-image-589" style="width:300px;height:auto" srcset="https://bestatterverband-saar.de/wp-content/uploads/2023/11/Vorsorge.jpg 2089w, https://bestatterverband-saar.de/wp-content/uploads/2023/11/Vorsorge-300x161.jpg 300w, https://bestatterverband-saar.de/wp-content/uploads/2023/11/Vorsorge-1024x549.jpg 1024w, https://bestatterverband-saar.de/wp-content/uploads/2023/11/Vorsorge-768x412.jpg 768w, https://bestatterverband-saar.de/wp-content/uploads/2023/11/Vorsorge-1536x824.jpg 1536w, https://bestatterverband-saar.de/wp-content/uploads/2023/11/Vorsorge-2048x1099.jpg 2048w, https://bestatterverband-saar.de/wp-content/uploads/2023/11/Vorsorge-500x268.jpg 500w, https://bestatterverband-saar.de/wp-content/uploads/2023/11/Vorsorge-800x429.jpg 800w, https://bestatterverband-saar.de/wp-content/uploads/2023/11/Vorsorge-1280x687.jpg 1280w, https://bestatterverband-saar.de/wp-content/uploads/2023/11/Vorsorge-1920x1030.jpg 1920w" sizes="auto, (max-width: 2089px) 100vw, 2089px" /></figure>
</div>


<p></p>



<h2 class="wp-block-heading has-text-align-center has-text-color" style="color:#2074bc"><strong>Todesfall &amp; Vorsorge</strong></h2>



<p class="has-text-align-center">Die ersten Schritte sind meist die Schwersten. Wir helfen Ihnen im Todesfall, aber auch in Fragen der Vorsorge kompetent und professionell weiter.&nbsp;</p>



<div class="wp-block-buttons is-layout-flex wp-block-buttons-is-layout-flex">
<div class="wp-block-button aligncenter is-style-outline is-style-outline--2"><a class="wp-block-button__link wp-element-button" href="https://bestatterverband-saar.de/index.php/was-tun-im-trauerfall/" style="border-radius:20px" target="_blank" rel="noreferrer noopener">Mehr erfahren &gt;</a></div>
</div>
</div>



<div class="wp-block-column is-layout-flow wp-block-column-is-layout-flow">
<figure class="wp-block-gallery aligncenter has-nested-images columns-default is-cropped is-style-default wp-block-gallery-3 is-layout-flex wp-block-gallery-is-layout-flex">
<figure class="wp-block-image size-full"><img loading="lazy" decoding="async" width="1875" height="1250" data-id="587" src="https://bestatterverband-saar.de/wp-content/uploads/2023/11/Ausbildung-1.jpg" alt="" class="wp-image-587" srcset="https://bestatterverband-saar.de/wp-content/uploads/2023/11/Ausbildung-1.jpg 1875w, https://bestatterverband-saar.de/wp-content/uploads/2023/11/Ausbildung-1-300x200.jpg 300w, https://bestatterverband-saar.de/wp-content/uploads/2023/11/Ausbildung-1-1024x683.jpg 1024w, https://bestatterverband-saar.de/wp-content/uploads/2023/11/Ausbildung-1-768x512.jpg 768w, https://bestatterverband-saar.de/wp-content/uploads/2023/11/Ausbildung-1-1536x1024.jpg 1536w, https://bestatterverband-saar.de/wp-content/uploads/2023/11/Ausbildung-1-500x333.jpg 500w, https://bestatterverband-saar.de/wp-content/uploads/2023/11/Ausbildung-1-800x533.jpg 800w, https://bestatterverband-saar.de/wp-content/uploads/2023/11/Ausbildung-1-1280x853.jpg 1280w, https://bestatterverband-saar.de/wp-content/uploads/2023/11/Ausbildung-1-450x300.jpg 450w" sizes="auto, (max-width: 1875px) 100vw, 1875px" /></figure>
</figure>



<h2 class="wp-block-heading has-text-align-center has-text-color" style="color:#2074bc"><strong>Ausbildung</strong></h2>



<p class="has-text-align-center">Die Aus- und Weiterbildung im Bestattungs-gewerbe hat Tradition. Informieren Sie sich hier über Ihre Möglichkeiten im Bestatterverband Saarland e.V.</p>



<div class="wp-block-buttons is-layout-flex wp-block-buttons-is-layout-flex">
<div class="wp-block-button aligncenter is-style-outline is-style-outline--4"><a class="wp-block-button__link wp-element-button" href="https://bestatterverband-saar.de/index.php/wissen-schafft-qualitaet/" style="border-radius:20px" target="_blank" rel="noreferrer noopener">Mehr erfahren &gt;</a></div>
</div>
</div>
</div>

<p>Der Verband Erfahren Sie mehr über den Fokus des Verbands, aber auch konkret, welche Leistungen und Möglichkeiten wir unseren Mitgliedern bieten! Todesfall &amp; Vorsorge Die ersten Schritte sind meist die Schwersten. Wir helfen Ihnen im Todesfall, aber auch in Fragen<a class="more-link" href="https://bestatterverband-saar.de/" title="Startseite"><span>Read more</span></a></p>
