{"id":250,"date":"2023-01-20T11:38:32","date_gmt":"2023-01-20T11:38:32","guid":{"rendered":"https:\/\/bestatter.nedigoit.de\/?page_id=250"},"modified":"2023-07-06T08:58:23","modified_gmt":"2023-07-06T08:58:23","slug":"jobs","status":"publish","type":"page","link":"https:\/\/bestatterverband-saar.de\/index.php\/jobs\/","title":{"rendered":"Jobs"},"content":{"rendered":"\n<div class=\"wp-block-nk-awb nk-awb alignfull\"><div class=\"nk-awb-wrap-content is-layout-constrained wp-block-nk-awb-is-layout-constrained\">\n<div class=\"wp-block-nk-awb nk-awb  alignfull\"><div class=\"nk-awb-wrap\" data-awb-type=\"image\" data-awb-parallax=\"scroll\" data-awb-parallax-speed=\"0.5\" data-awb-parallax-mobile=\"true\" data-awb-image-background-size=\"cover\" data-awb-image-background-position=\"50% 50%\"><div class=\"nk-awb-inner\"><img loading=\"lazy\" decoding=\"async\" src=\"https:\/\/bestatterverband-saar.de\/wp-content\/uploads\/2023\/01\/ludwigskirche-g579448416_1920.jpg\" class=\"wp-image-352 jarallax-img is-layout-constrained wp-block-nk-awb-is-layout-constrained\" width=\"1920\" height=\"1280\" srcset=\"https:\/\/bestatterverband-saar.de\/wp-content\/uploads\/2023\/01\/ludwigskirche-g579448416_1920.jpg 1920w, https:\/\/bestatterverband-saar.de\/wp-content\/uploads\/2023\/01\/ludwigskirche-g579448416_1920-300x200.jpg 300w, https:\/\/bestatterverband-saar.de\/wp-content\/uploads\/2023\/01\/ludwigskirche-g579448416_1920-1024x683.jpg 1024w, https:\/\/bestatterverband-saar.de\/wp-content\/uploads\/2023\/01\/ludwigskirche-g579448416_1920-768x512.jpg 768w, https:\/\/bestatterverband-saar.de\/wp-content\/uploads\/2023\/01\/ludwigskirche-g579448416_1920-1536x1024.jpg 1536w, https:\/\/bestatterverband-saar.de\/wp-content\/uploads\/2023\/01\/ludwigskirche-g579448416_1920-500x333.jpg 500w, https:\/\/bestatterverband-saar.de\/wp-content\/uploads\/2023\/01\/ludwigskirche-g579448416_1920-800x533.jpg 800w, https:\/\/bestatterverband-saar.de\/wp-content\/uploads\/2023\/01\/ludwigskirche-g579448416_1920-1280x853.jpg 1280w, https:\/\/bestatterverband-saar.de\/wp-content\/uploads\/2023\/01\/ludwigskirche-g579448416_1920-450x300.jpg 450w\" sizes=\"auto, (max-width: 1920px) 100vw, 1920px\" \/><\/div><\/div>\n\n<div style=\"height:350px\" aria-hidden=\"true\" class=\"wp-block-spacer\"><\/div>\n\n<\/div>\n<\/div><\/div>\n\n\n\n<div style=\"height:25px\" aria-hidden=\"true\" class=\"wp-block-spacer\"><\/div>\n\n\n\n<h2 class=\"wp-block-heading has-text-color\" style=\"color:#2074bc\">Jobb\u00f6rse des Bundesverbandes Deutscher Bestatter e. V<\/h2>\n\n\n\n<div style=\"height:25px\" aria-hidden=\"true\" class=\"wp-block-spacer\"><\/div>\n\n\n\n<p>Hier k\u00f6nnen Betriebe, Ausbildungsplatz- und Stellensuchende sich in eine Datenbank eintragen.<\/p>\n\n\n\n<div style=\"height:25px\" aria-hidden=\"true\" class=\"wp-block-spacer\"><\/div>\n\n\n\n<div class=\"wp-block-buttons is-content-justification-left is-layout-flex wp-container-core-buttons-is-layout-fdcfc74e wp-block-buttons-is-layout-flex\">\n<div class=\"wp-block-button aligncenter is-style-outline is-style-outline--1\"><a class=\"wp-block-button__link wp-element-button\" href=\"https:\/\/www.bestatter.de\/beruf\/jobboerse\/\" style=\"border-radius:20px\"><strong>Zur Jobb\u00f6rse<\/strong> <strong>><\/strong><\/a><\/div>\n<\/div>\n\n\n\n<div style=\"height:25px\" aria-hidden=\"true\" class=\"wp-block-spacer\"><\/div>\n\n\n\n<p><em>Wichtiger Hinweis:<\/em>Durch Klick auf einen der oben angef\u00fchrten Links werden Sie zur Jobb\u00f6rse des Bundesverbandes Deutscher Bestatter e. V. weitergeleitet. Der Bestatterverband Bayern e. V. \u00fcbernimmt keine Haftung f\u00fcr die Richtigkeit der Daten oder die Ver\u00f6ffentlichung von Daten auf der Homepage des Bundesverbandes Deutscher Bestatter e. V.<\/p>\n\n\n\n<div style=\"height:25px\" aria-hidden=\"true\" class=\"wp-block-spacer\"><\/div>\n","protected":false},"excerpt":{"rendered":"<p>Jobb\u00f6rse des Bundesverbandes Deutscher Bestatter e. V Hier k\u00f6nnen Betriebe, Ausbildungsplatz- und Stellensuchende sich in eine Datenbank eintragen. Wichtiger Hinweis:Durch Klick auf einen der oben angef\u00fchrten Links werden Sie zur Jobb\u00f6rse des Bundesverbandes Deutscher Bestatter e. V. weitergeleitet. Der Bestatterverband<a class=\"more-link\" href=\"https:\/\/bestatterverband-saar.de\/index.php\/jobs\/\" title=\"Jobs\"><span>Read more<\/span><\/a><\/p>\n","protected":false},"author":1,"featured_media":0,"parent":0,"menu_order":0,"comment_status":"closed","ping_status":"closed","template":"","meta":{"footnotes":""},"class_list":["post-250","page","type-page","status-publish","hentry"],"_links":{"self":[{"href":"https:\/\/bestatterverband-saar.de\/index.php\/wp-json\/wp\/v2\/pages\/250","targetHints":{"allow":["GET"]}}],"collection":[{"href":"https:\/\/bestatterverband-saar.de\/index.php\/wp-json\/wp\/v2\/pages"}],"about":[{"href":"https:\/\/bestatterverband-saar.de\/index.php\/wp-json\/wp\/v2\/types\/page"}],"author":[{"embeddable":true,"href":"https:\/\/bestatterverband-saar.de\/index.php\/wp-json\/wp\/v2\/users\/1"}],"replies":[{"embeddable":true,"href":"https:\/\/bestatterverband-saar.de\/index.php\/wp-json\/wp\/v2\/comments?post=250"}],"version-history":[{"count":14,"href":"https:\/\/bestatterverband-saar.de\/index.php\/wp-json\/wp\/v2\/pages\/250\/revisions"}],"predecessor-version":[{"id":565,"href":"https:\/\/bestatterverband-saar.de\/index.php\/wp-json\/wp\/v2\/pages\/250\/revisions\/565"}],"wp:attachment":[{"href":"https:\/\/bestatterverband-saar.de\/index.php\/wp-json\/wp\/v2\/media?parent=250"}],"curies":[{"name":"wp","href":"https:\/\/api.w.org\/{rel}","templated":true}]}}

<div class="wp-block-nk-awb nk-awb alignfull"><div class="nk-awb-wrap-content is-layout-constrained wp-block-nk-awb-is-layout-constrained">
<div class="wp-block-nk-awb nk-awb  alignfull"><div class="nk-awb-wrap" data-awb-type="image" data-awb-parallax="scroll" data-awb-parallax-speed="0.5" data-awb-parallax-mobile="true" data-awb-image-background-size="cover" data-awb-image-background-position="50% 50%"><div class="nk-awb-inner"><img loading="lazy" decoding="async" src="https://bestatterverband-saar.de/wp-content/uploads/2023/01/ludwigskirche-g579448416_1920.jpg" class="wp-image-352 jarallax-img is-layout-constrained wp-block-nk-awb-is-layout-constrained" width="1920" height="1280" srcset="https://bestatterverband-saar.de/wp-content/uploads/2023/01/ludwigskirche-g579448416_1920.jpg 1920w, https://bestatterverband-saar.de/wp-content/uploads/2023/01/ludwigskirche-g579448416_1920-300x200.jpg 300w, https://bestatterverband-saar.de/wp-content/uploads/2023/01/ludwigskirche-g579448416_1920-1024x683.jpg 1024w, https://bestatterverband-saar.de/wp-content/uploads/2023/01/ludwigskirche-g579448416_1920-768x512.jpg 768w, https://bestatterverband-saar.de/wp-content/uploads/2023/01/ludwigskirche-g579448416_1920-1536x1024.jpg 1536w, https://bestatterverband-saar.de/wp-content/uploads/2023/01/ludwigskirche-g579448416_1920-500x333.jpg 500w, https://bestatterverband-saar.de/wp-content/uploads/2023/01/ludwigskirche-g579448416_1920-800x533.jpg 800w, https://bestatterverband-saar.de/wp-content/uploads/2023/01/ludwigskirche-g579448416_1920-1280x853.jpg 1280w, https://bestatterverband-saar.de/wp-content/uploads/2023/01/ludwigskirche-g579448416_1920-450x300.jpg 450w" sizes="auto, (max-width: 1920px) 100vw, 1920px" /></div></div>

<div style="height:350px" aria-hidden="true" class="wp-block-spacer"></div>

</div>
</div></div>



<div style="height:25px" aria-hidden="true" class="wp-block-spacer"></div>



<h2 class="wp-block-heading has-text-color" style="color:#2074bc">Jobbörse des Bundesverbandes Deutscher Bestatter e. V</h2>



<div style="height:25px" aria-hidden="true" class="wp-block-spacer"></div>



<p>Hier können Betriebe, Ausbildungsplatz- und Stellensuchende sich in eine Datenbank eintragen.</p>



<div style="height:25px" aria-hidden="true" class="wp-block-spacer"></div>



<div class="wp-block-buttons is-content-justification-left is-layout-flex wp-container-core-buttons-is-layout-fdcfc74e wp-block-buttons-is-layout-flex">
<div class="wp-block-button aligncenter is-style-outline is-style-outline--1"><a class="wp-block-button__link wp-element-button" href="https://www.bestatter.de/beruf/jobboerse/" style="border-radius:20px"><strong>Zur Jobbörse</strong> <strong>></strong></a></div>
</div>



<div style="height:25px" aria-hidden="true" class="wp-block-spacer"></div>



<p><em>Wichtiger Hinweis:</em>Durch Klick auf einen der oben angeführten Links werden Sie zur Jobbörse des Bundesverbandes Deutscher Bestatter e. V. weitergeleitet. Der Bestatterverband Bayern e. V. übernimmt keine Haftung für die Richtigkeit der Daten oder die Veröffentlichung von Daten auf der Homepage des Bundesverbandes Deutscher Bestatter e. V.</p>



<div style="height:25px" aria-hidden="true" class="wp-block-spacer"></div>

<p>Jobbörse des Bundesverbandes Deutscher Bestatter e. V Hier können Betriebe, Ausbildungsplatz- und Stellensuchende sich in eine Datenbank eintragen. Wichtiger Hinweis:Durch Klick auf einen der oben angeführten Links werden Sie zur Jobbörse des Bundesverbandes Deutscher Bestatter e. V. weitergeleitet. Der Bestatterverband<a class="more-link" href="https://bestatterverband-saar.de/index.php/jobs/" title="Jobs"><span>Read more</span></a></p>
