{"id":247,"date":"2023-01-20T11:37:14","date_gmt":"2023-01-20T11:37:14","guid":{"rendered":"https:\/\/bestatter.nedigoit.de\/?page_id=247"},"modified":"2023-07-06T08:24:46","modified_gmt":"2023-07-06T08:24:46","slug":"thanatopraktiker-in","status":"publish","type":"page","link":"https:\/\/bestatterverband-saar.de\/index.php\/thanatopraktiker-in\/","title":{"rendered":"Thanatopraktiker\/in"},"content":{"rendered":"\n<div class=\"wp-block-nk-awb nk-awb alignfull\"><div class=\"nk-awb-wrap-content is-layout-constrained wp-block-nk-awb-is-layout-constrained\">\n<div class=\"wp-block-nk-awb nk-awb  alignfull\"><div class=\"nk-awb-wrap\" data-awb-type=\"image\" data-awb-parallax=\"scroll\" data-awb-parallax-speed=\"0.5\" data-awb-parallax-mobile=\"true\" data-awb-image-background-size=\"cover\" data-awb-image-background-position=\"50% 50%\"><div class=\"nk-awb-inner\"><img loading=\"lazy\" decoding=\"async\" src=\"https:\/\/bestatterverband-saar.de\/wp-content\/uploads\/2023\/01\/graves-g31bc8c852_1920.jpg\" class=\"wp-image-347 jarallax-img is-layout-constrained wp-block-nk-awb-is-layout-constrained\" width=\"1920\" height=\"979\" srcset=\"https:\/\/bestatterverband-saar.de\/wp-content\/uploads\/2023\/01\/graves-g31bc8c852_1920.jpg 1920w, https:\/\/bestatterverband-saar.de\/wp-content\/uploads\/2023\/01\/graves-g31bc8c852_1920-300x153.jpg 300w, https:\/\/bestatterverband-saar.de\/wp-content\/uploads\/2023\/01\/graves-g31bc8c852_1920-1024x522.jpg 1024w, https:\/\/bestatterverband-saar.de\/wp-content\/uploads\/2023\/01\/graves-g31bc8c852_1920-768x392.jpg 768w, https:\/\/bestatterverband-saar.de\/wp-content\/uploads\/2023\/01\/graves-g31bc8c852_1920-1536x783.jpg 1536w, https:\/\/bestatterverband-saar.de\/wp-content\/uploads\/2023\/01\/graves-g31bc8c852_1920-500x255.jpg 500w, https:\/\/bestatterverband-saar.de\/wp-content\/uploads\/2023\/01\/graves-g31bc8c852_1920-800x408.jpg 800w, https:\/\/bestatterverband-saar.de\/wp-content\/uploads\/2023\/01\/graves-g31bc8c852_1920-1280x653.jpg 1280w\" sizes=\"auto, (max-width: 1920px) 100vw, 1920px\" \/><\/div><\/div>\n\n<div style=\"height:350px\" aria-hidden=\"true\" class=\"wp-block-spacer\"><\/div>\n\n<\/div>\n<\/div><\/div>\n\n\n\n<div style=\"height:25px\" aria-hidden=\"true\" class=\"wp-block-spacer\"><\/div>\n\n\n\n<h2 class=\"wp-block-heading has-text-color\" style=\"color:#2074bc\">Staatlich anerkannte Ausbildung<\/h2>\n\n\n\n<div style=\"height:25px\" aria-hidden=\"true\" class=\"wp-block-spacer\"><\/div>\n\n\n\n<p>F\u00fcr die Ausbildung zum Thanatopraktiker \/ zur Thanatopraktikerin ist derzeit das Deutsche Institut f\u00fcr Thanatopraxie GmbH, D\u00fcsseldorf zust\u00e4ndig.<\/p>\n\n\n\n<p>Nachfrage und Ausweitung des Dienstleistungsbereiches erfordern im verst\u00e4rkten Ma\u00dfe, den Hinterbliebenen die zeitlich unabh\u00e4ngige offene Aufbahrung und mithin die thanatopraktische Behandlung anzubieten. Die Thanatopraxie umfasst s\u00e4mtliche T\u00e4tigkeiten, die notwendig sind, um sowohl \u00e4sthetisch als auch hygienisch eine einwandfreie Aufbahrung eines Verstorbenen vornehmen zu k\u00f6nnen. F\u00fcr Auslands\u00fcberf\u00fchrungen ist h\u00e4ufig eine thanatopraktische Behandlung zwingend vorgeschrieben.<\/p>\n\n\n\n<p>Neben der offenen Aufbahrung, der rekonstruktiven Arbeiten und der Behandlung f\u00fcr eine Auslands\u00fcberf\u00fchrung haben sich weitere Aufgabengebiete gezeigt. So sind 15 Thanatopraktiker spontan im August 1999 \u2013 bei dem schweren Erdbeben in der T\u00fcrkei und sp\u00e4ter in Taiwan \u2013 zu einem sofortigen Katastropheneins\u00e4tzen geflogen. Ihre Aufgabe lag hier jedoch im Rahmen der Seuchenpr\u00e4vention. Auch dies ist in das Blickfeld der \u00d6ffentlichkeit ger\u00fcckt.<\/p>\n\n\n\n<p>Die Ausbildung teilt sich in einen theoretischen und praktischen Block und schlie\u00dft mit der staatlich anerkannten Pr\u00fcfung \u201eGepr\u00fcfte(r) Thanatopraktiker\/in\u201c ab. Der Ausbildungskurs umfasst zun\u00e4chst eine theoretische Ausbildung in D\u00fcsseldorf, bestehend aus vier Wochenbl\u00f6cken. Die theoretische Pr\u00fcfung \u2013 schriftlich und m\u00fcndlich \u2013 erfolgt unmittelbar im Anschluss an den letzten Unterrichtsblock.<\/p>\n\n\n\n<p>Dem theoretischen Teil folgt die praktische Ausbildung. Diese besteht aus einem mehrw\u00f6chigen Auslandspraktikum, welches mittels einer Unterweisung durch deutsche Tutoren erg\u00e4nzt wird. Den Abschluss bildet die praktische Pr\u00fcfung vor der Handwerkskammer.<\/p>\n\n\n\n<div style=\"height:25px\" aria-hidden=\"true\" class=\"wp-block-spacer\"><\/div>\n","protected":false},"excerpt":{"rendered":"<p>Staatlich anerkannte Ausbildung F\u00fcr die Ausbildung zum Thanatopraktiker \/ zur Thanatopraktikerin ist derzeit das Deutsche Institut f\u00fcr Thanatopraxie GmbH, D\u00fcsseldorf zust\u00e4ndig. Nachfrage und Ausweitung des Dienstleistungsbereiches erfordern im verst\u00e4rkten Ma\u00dfe, den Hinterbliebenen die zeitlich unabh\u00e4ngige offene Aufbahrung und mithin die<a class=\"more-link\" href=\"https:\/\/bestatterverband-saar.de\/index.php\/thanatopraktiker-in\/\" title=\"Thanatopraktiker\/in\"><span>Read more<\/span><\/a><\/p>\n","protected":false},"author":1,"featured_media":0,"parent":0,"menu_order":0,"comment_status":"closed","ping_status":"closed","template":"","meta":{"footnotes":""},"class_list":["post-247","page","type-page","status-publish","hentry"],"_links":{"self":[{"href":"https:\/\/bestatterverband-saar.de\/index.php\/wp-json\/wp\/v2\/pages\/247","targetHints":{"allow":["GET"]}}],"collection":[{"href":"https:\/\/bestatterverband-saar.de\/index.php\/wp-json\/wp\/v2\/pages"}],"about":[{"href":"https:\/\/bestatterverband-saar.de\/index.php\/wp-json\/wp\/v2\/types\/page"}],"author":[{"embeddable":true,"href":"https:\/\/bestatterverband-saar.de\/index.php\/wp-json\/wp\/v2\/users\/1"}],"replies":[{"embeddable":true,"href":"https:\/\/bestatterverband-saar.de\/index.php\/wp-json\/wp\/v2\/comments?post=247"}],"version-history":[{"count":5,"href":"https:\/\/bestatterverband-saar.de\/index.php\/wp-json\/wp\/v2\/pages\/247\/revisions"}],"predecessor-version":[{"id":527,"href":"https:\/\/bestatterverband-saar.de\/index.php\/wp-json\/wp\/v2\/pages\/247\/revisions\/527"}],"wp:attachment":[{"href":"https:\/\/bestatterverband-saar.de\/index.php\/wp-json\/wp\/v2\/media?parent=247"}],"curies":[{"name":"wp","href":"https:\/\/api.w.org\/{rel}","templated":true}]}}

<div class="wp-block-nk-awb nk-awb alignfull"><div class="nk-awb-wrap-content is-layout-constrained wp-block-nk-awb-is-layout-constrained">
<div class="wp-block-nk-awb nk-awb  alignfull"><div class="nk-awb-wrap" data-awb-type="image" data-awb-parallax="scroll" data-awb-parallax-speed="0.5" data-awb-parallax-mobile="true" data-awb-image-background-size="cover" data-awb-image-background-position="50% 50%"><div class="nk-awb-inner"><img loading="lazy" decoding="async" src="https://bestatterverband-saar.de/wp-content/uploads/2023/01/graves-g31bc8c852_1920.jpg" class="wp-image-347 jarallax-img is-layout-constrained wp-block-nk-awb-is-layout-constrained" width="1920" height="979" srcset="https://bestatterverband-saar.de/wp-content/uploads/2023/01/graves-g31bc8c852_1920.jpg 1920w, https://bestatterverband-saar.de/wp-content/uploads/2023/01/graves-g31bc8c852_1920-300x153.jpg 300w, https://bestatterverband-saar.de/wp-content/uploads/2023/01/graves-g31bc8c852_1920-1024x522.jpg 1024w, https://bestatterverband-saar.de/wp-content/uploads/2023/01/graves-g31bc8c852_1920-768x392.jpg 768w, https://bestatterverband-saar.de/wp-content/uploads/2023/01/graves-g31bc8c852_1920-1536x783.jpg 1536w, https://bestatterverband-saar.de/wp-content/uploads/2023/01/graves-g31bc8c852_1920-500x255.jpg 500w, https://bestatterverband-saar.de/wp-content/uploads/2023/01/graves-g31bc8c852_1920-800x408.jpg 800w, https://bestatterverband-saar.de/wp-content/uploads/2023/01/graves-g31bc8c852_1920-1280x653.jpg 1280w" sizes="auto, (max-width: 1920px) 100vw, 1920px" /></div></div>

<div style="height:350px" aria-hidden="true" class="wp-block-spacer"></div>

</div>
</div></div>



<div style="height:25px" aria-hidden="true" class="wp-block-spacer"></div>



<h2 class="wp-block-heading has-text-color" style="color:#2074bc">Staatlich anerkannte Ausbildung</h2>



<div style="height:25px" aria-hidden="true" class="wp-block-spacer"></div>



<p>Für die Ausbildung zum Thanatopraktiker / zur Thanatopraktikerin ist derzeit das Deutsche Institut für Thanatopraxie GmbH, Düsseldorf zuständig.</p>



<p>Nachfrage und Ausweitung des Dienstleistungsbereiches erfordern im verstärkten Maße, den Hinterbliebenen die zeitlich unabhängige offene Aufbahrung und mithin die thanatopraktische Behandlung anzubieten. Die Thanatopraxie umfasst sämtliche Tätigkeiten, die notwendig sind, um sowohl ästhetisch als auch hygienisch eine einwandfreie Aufbahrung eines Verstorbenen vornehmen zu können. Für Auslandsüberführungen ist häufig eine thanatopraktische Behandlung zwingend vorgeschrieben.</p>



<p>Neben der offenen Aufbahrung, der rekonstruktiven Arbeiten und der Behandlung für eine Auslandsüberführung haben sich weitere Aufgabengebiete gezeigt. So sind 15 Thanatopraktiker spontan im August 1999 – bei dem schweren Erdbeben in der Türkei und später in Taiwan – zu einem sofortigen Katastropheneinsätzen geflogen. Ihre Aufgabe lag hier jedoch im Rahmen der Seuchenprävention. Auch dies ist in das Blickfeld der Öffentlichkeit gerückt.</p>



<p>Die Ausbildung teilt sich in einen theoretischen und praktischen Block und schließt mit der staatlich anerkannten Prüfung „Geprüfte(r) Thanatopraktiker/in“ ab. Der Ausbildungskurs umfasst zunächst eine theoretische Ausbildung in Düsseldorf, bestehend aus vier Wochenblöcken. Die theoretische Prüfung – schriftlich und mündlich – erfolgt unmittelbar im Anschluss an den letzten Unterrichtsblock.</p>



<p>Dem theoretischen Teil folgt die praktische Ausbildung. Diese besteht aus einem mehrwöchigen Auslandspraktikum, welches mittels einer Unterweisung durch deutsche Tutoren ergänzt wird. Den Abschluss bildet die praktische Prüfung vor der Handwerkskammer.</p>



<div style="height:25px" aria-hidden="true" class="wp-block-spacer"></div>

<p>Staatlich anerkannte Ausbildung Für die Ausbildung zum Thanatopraktiker / zur Thanatopraktikerin ist derzeit das Deutsche Institut für Thanatopraxie GmbH, Düsseldorf zuständig. Nachfrage und Ausweitung des Dienstleistungsbereiches erfordern im verstärkten Maße, den Hinterbliebenen die zeitlich unabhängige offene Aufbahrung und mithin die<a class="more-link" href="https://bestatterverband-saar.de/index.php/thanatopraktiker-in/" title="Thanatopraktiker/in"><span>Read more</span></a></p>
