{"id":245,"date":"2023-01-20T11:36:28","date_gmt":"2023-01-20T11:36:28","guid":{"rendered":"https:\/\/bestatter.nedigoit.de\/?page_id=245"},"modified":"2023-01-24T11:39:53","modified_gmt":"2023-01-24T11:39:53","slug":"fortbildung-gepruefter-bestatter-m-w-d","status":"publish","type":"page","link":"https:\/\/bestatterverband-saar.de\/index.php\/fortbildung-gepruefter-bestatter-m-w-d\/","title":{"rendered":"Fortbildung Gepr\u00fcfter Bestatter (m\/w\/d)"},"content":{"rendered":"\n<div class=\"wp-block-nk-awb nk-awb  alignfull is-layout-constrained wp-block-nk-awb-is-layout-constrained\">\n<div class=\"wp-block-nk-awb nk-awb  alignfull\"><div class=\"nk-awb-wrap\" data-awb-type=\"image\" data-awb-parallax=\"scroll\" data-awb-parallax-speed=\"0.5\" data-awb-parallax-mobile=\"true\" data-awb-image-background-size=\"cover\" data-awb-image-background-position=\"50% 50%\"><div class=\"nk-awb-inner\"><img loading=\"lazy\" decoding=\"async\" src=\"https:\/\/bestatterverband-saar.de\/wp-content\/uploads\/2023\/01\/cementerio-gd7840f10a_1920.jpg\" class=\"wp-image-344 jarallax-img is-layout-constrained wp-block-nk-awb-is-layout-constrained\" width=\"1920\" height=\"1280\" srcset=\"https:\/\/bestatterverband-saar.de\/wp-content\/uploads\/2023\/01\/cementerio-gd7840f10a_1920.jpg 1920w, https:\/\/bestatterverband-saar.de\/wp-content\/uploads\/2023\/01\/cementerio-gd7840f10a_1920-300x200.jpg 300w, https:\/\/bestatterverband-saar.de\/wp-content\/uploads\/2023\/01\/cementerio-gd7840f10a_1920-1024x683.jpg 1024w, https:\/\/bestatterverband-saar.de\/wp-content\/uploads\/2023\/01\/cementerio-gd7840f10a_1920-768x512.jpg 768w, https:\/\/bestatterverband-saar.de\/wp-content\/uploads\/2023\/01\/cementerio-gd7840f10a_1920-1536x1024.jpg 1536w, https:\/\/bestatterverband-saar.de\/wp-content\/uploads\/2023\/01\/cementerio-gd7840f10a_1920-500x333.jpg 500w, https:\/\/bestatterverband-saar.de\/wp-content\/uploads\/2023\/01\/cementerio-gd7840f10a_1920-800x533.jpg 800w, https:\/\/bestatterverband-saar.de\/wp-content\/uploads\/2023\/01\/cementerio-gd7840f10a_1920-1280x853.jpg 1280w, https:\/\/bestatterverband-saar.de\/wp-content\/uploads\/2023\/01\/cementerio-gd7840f10a_1920-450x300.jpg 450w\" sizes=\"auto, (max-width: 1920px) 100vw, 1920px\" \/><\/div><\/div>\n<div style=\"height:350px\" aria-hidden=\"true\" class=\"wp-block-spacer\"><\/div>\n<\/div>\n<\/div>\n\n\n\n<div style=\"height:25px\" aria-hidden=\"true\" class=\"wp-block-spacer\"><\/div>\n\n\n\n<p>Die Fortbildung ist berufsbegleitend konzipiert und findet in zeitlich versetzten Modulen statt. Die sechs Module umfassen insgesamt 340 Unterrichtsstunden.<\/p>\n\n\n\n<p><strong>Allgemeines<\/strong><\/p>\n\n\n\n<p>Der Lehrgang ist modular aufgebaut. Die Module werden in der Regel in dem darauffolgenden Modul durch eine Pr\u00fcfung der zust\u00e4ndigen Handwerkskammer schriftlich und\/oder m\u00fcndlich gepr\u00fcft. Die praktische Pr\u00fcfung f\u00fcr das Modul Hygienische Versorgung Verstorbener und das Modul Beratungsgespr\u00e4ch werden am Ende des Lehrgangs in einem gesonderten Termin durch die Handwerkskammer D\u00fcsseldorf gepr\u00fcft. Die Einladungen zur Pr\u00fcfung werden von der jeweils zust\u00e4ndigen Handwerkskammer ausgesprochen.<\/p>\n\n\n\n<p><a rel=\"noreferrer noopener\" href=\"https:\/\/www.bestatter.de\/beruf\/fortbildung\/gepruefter-bestatter\/\" target=\"_blank\"><strong>Alle wichtigen Informationen zum Lehrgang Gepr\u00fcfter Bestatter<\/strong><\/a><\/p>\n\n\n\n<div style=\"height:25px\" aria-hidden=\"true\" class=\"wp-block-spacer\"><\/div>\n","protected":false},"excerpt":{"rendered":"<p>Die Fortbildung ist berufsbegleitend konzipiert und findet in zeitlich versetzten Modulen statt. Die sechs Module umfassen insgesamt 340 Unterrichtsstunden. Allgemeines Der Lehrgang ist modular aufgebaut. Die Module werden in der Regel in dem darauffolgenden Modul durch eine Pr\u00fcfung der zust\u00e4ndigen<a class=\"more-link\" href=\"https:\/\/bestatterverband-saar.de\/index.php\/fortbildung-gepruefter-bestatter-m-w-d\/\" title=\"Fortbildung Gepr\u00fcfter Bestatter (m\/w\/d)\"><span>Read more<\/span><\/a><\/p>\n","protected":false},"author":1,"featured_media":0,"parent":0,"menu_order":0,"comment_status":"closed","ping_status":"closed","template":"","meta":{"footnotes":""},"class_list":["post-245","page","type-page","status-publish","hentry"],"_links":{"self":[{"href":"https:\/\/bestatterverband-saar.de\/index.php\/wp-json\/wp\/v2\/pages\/245","targetHints":{"allow":["GET"]}}],"collection":[{"href":"https:\/\/bestatterverband-saar.de\/index.php\/wp-json\/wp\/v2\/pages"}],"about":[{"href":"https:\/\/bestatterverband-saar.de\/index.php\/wp-json\/wp\/v2\/types\/page"}],"author":[{"embeddable":true,"href":"https:\/\/bestatterverband-saar.de\/index.php\/wp-json\/wp\/v2\/users\/1"}],"replies":[{"embeddable":true,"href":"https:\/\/bestatterverband-saar.de\/index.php\/wp-json\/wp\/v2\/comments?post=245"}],"version-history":[{"count":4,"href":"https:\/\/bestatterverband-saar.de\/index.php\/wp-json\/wp\/v2\/pages\/245\/revisions"}],"predecessor-version":[{"id":366,"href":"https:\/\/bestatterverband-saar.de\/index.php\/wp-json\/wp\/v2\/pages\/245\/revisions\/366"}],"wp:attachment":[{"href":"https:\/\/bestatterverband-saar.de\/index.php\/wp-json\/wp\/v2\/media?parent=245"}],"curies":[{"name":"wp","href":"https:\/\/api.w.org\/{rel}","templated":true}]}}