{"id":243,"date":"2023-01-20T11:35:52","date_gmt":"2023-01-20T11:35:52","guid":{"rendered":"https:\/\/bestatter.nedigoit.de\/?page_id=243"},"modified":"2023-01-24T11:39:21","modified_gmt":"2023-01-24T11:39:21","slug":"fortbildung-bestattermeister-teil-i-und-ii-m-w-d","status":"publish","type":"page","link":"https:\/\/bestatterverband-saar.de\/index.php\/fortbildung-bestattermeister-teil-i-und-ii-m-w-d\/","title":{"rendered":"Fortbildung Bestattermeister Teil I und II (m\/w\/d)"},"content":{"rendered":"\n<div class=\"wp-block-nk-awb nk-awb  alignfull is-layout-constrained wp-block-nk-awb-is-layout-constrained\">\n<div class=\"wp-block-nk-awb nk-awb  alignfull\"><div class=\"nk-awb-wrap\" data-awb-type=\"image\" data-awb-parallax=\"scroll\" data-awb-parallax-speed=\"0.5\" data-awb-parallax-mobile=\"true\" data-awb-image-background-size=\"cover\" data-awb-image-background-position=\"51% 30%\"><div class=\"nk-awb-inner\"><img loading=\"lazy\" decoding=\"async\" src=\"https:\/\/bestatterverband-saar.de\/wp-content\/uploads\/2023\/01\/funeral-director-gfb243b927_1920.jpg\" class=\"wp-image-341 jarallax-img is-layout-constrained wp-block-nk-awb-is-layout-constrained\" width=\"1920\" height=\"1440\" srcset=\"https:\/\/bestatterverband-saar.de\/wp-content\/uploads\/2023\/01\/funeral-director-gfb243b927_1920.jpg 1920w, https:\/\/bestatterverband-saar.de\/wp-content\/uploads\/2023\/01\/funeral-director-gfb243b927_1920-300x225.jpg 300w, https:\/\/bestatterverband-saar.de\/wp-content\/uploads\/2023\/01\/funeral-director-gfb243b927_1920-1024x768.jpg 1024w, https:\/\/bestatterverband-saar.de\/wp-content\/uploads\/2023\/01\/funeral-director-gfb243b927_1920-768x576.jpg 768w, https:\/\/bestatterverband-saar.de\/wp-content\/uploads\/2023\/01\/funeral-director-gfb243b927_1920-1536x1152.jpg 1536w, https:\/\/bestatterverband-saar.de\/wp-content\/uploads\/2023\/01\/funeral-director-gfb243b927_1920-500x375.jpg 500w, https:\/\/bestatterverband-saar.de\/wp-content\/uploads\/2023\/01\/funeral-director-gfb243b927_1920-800x600.jpg 800w, https:\/\/bestatterverband-saar.de\/wp-content\/uploads\/2023\/01\/funeral-director-gfb243b927_1920-1280x960.jpg 1280w\" sizes=\"auto, (max-width: 1920px) 100vw, 1920px\" \/><\/div><\/div>\n<div style=\"height:350px\" aria-hidden=\"true\" class=\"wp-block-spacer\"><\/div>\n<\/div>\n<\/div>\n\n\n\n<div style=\"height:25px\" aria-hidden=\"true\" class=\"wp-block-spacer\"><\/div>\n\n\n\n<p><strong>Allgemeines<\/strong><\/p>\n\n\n\n<p>Seit Inkrafttreten der Bestattermeisterverordnung am 15. September 2009 und Start der Ausbildungsvorbereitungskurse des Fachverlages des deutschen Bestattungsgewerbes im Mai 2010 haben insgesamt 273 Bestattermeister\/innen ihre Meisterausbildung erfolgreich vor den Handwerkskammern D\u00fcsseldorf und W\u00fcrzburg abgeschlossen (Stand Juni 2019). Davon 98 Bestattermeisterinnen (36 %).<\/p>\n\n\n\n<p>Die Ausbildung zum Bestattermeister ist bundeseinheitlich durch Verordnung des Bundesministeriums f\u00fcr Wirtschaft verbindlich geregelt. Sie erg\u00e4nzt die Verordnung zum Ausbildungsberuf Bestattungsfachkraft und bietet f\u00fcr alle Absolventen der dreij\u00e4hrigen Ausbildung eine weitere Qualifikationsperspektive auf Meisterebene.<\/p>\n\n\n\n<p><strong><a href=\"https:\/\/www.bestatter.de\/beruf\/fortbildung\/bestattermeister\/bestattermeister-teil-i-und-ii\/\" target=\"_blank\" rel=\"noreferrer noopener\">Alle wichtigen Informationen zur Fortbildung zum Bestattermeister<\/a><\/strong><\/p>\n\n\n\n<div style=\"height:25px\" aria-hidden=\"true\" class=\"wp-block-spacer\"><\/div>\n","protected":false},"excerpt":{"rendered":"<p>Allgemeines Seit Inkrafttreten der Bestattermeisterverordnung am 15. September 2009 und Start der Ausbildungsvorbereitungskurse des Fachverlages des deutschen Bestattungsgewerbes im Mai 2010 haben insgesamt 273 Bestattermeister\/innen ihre Meisterausbildung erfolgreich vor den Handwerkskammern D\u00fcsseldorf und W\u00fcrzburg abgeschlossen (Stand Juni 2019). Davon 98<a class=\"more-link\" href=\"https:\/\/bestatterverband-saar.de\/index.php\/fortbildung-bestattermeister-teil-i-und-ii-m-w-d\/\" title=\"Fortbildung Bestattermeister Teil I und II (m\/w\/d)\"><span>Read more<\/span><\/a><\/p>\n","protected":false},"author":1,"featured_media":0,"parent":0,"menu_order":0,"comment_status":"closed","ping_status":"closed","template":"","meta":{"footnotes":""},"class_list":["post-243","page","type-page","status-publish","hentry"],"_links":{"self":[{"href":"https:\/\/bestatterverband-saar.de\/index.php\/wp-json\/wp\/v2\/pages\/243","targetHints":{"allow":["GET"]}}],"collection":[{"href":"https:\/\/bestatterverband-saar.de\/index.php\/wp-json\/wp\/v2\/pages"}],"about":[{"href":"https:\/\/bestatterverband-saar.de\/index.php\/wp-json\/wp\/v2\/types\/page"}],"author":[{"embeddable":true,"href":"https:\/\/bestatterverband-saar.de\/index.php\/wp-json\/wp\/v2\/users\/1"}],"replies":[{"embeddable":true,"href":"https:\/\/bestatterverband-saar.de\/index.php\/wp-json\/wp\/v2\/comments?post=243"}],"version-history":[{"count":4,"href":"https:\/\/bestatterverband-saar.de\/index.php\/wp-json\/wp\/v2\/pages\/243\/revisions"}],"predecessor-version":[{"id":365,"href":"https:\/\/bestatterverband-saar.de\/index.php\/wp-json\/wp\/v2\/pages\/243\/revisions\/365"}],"wp:attachment":[{"href":"https:\/\/bestatterverband-saar.de\/index.php\/wp-json\/wp\/v2\/media?parent=243"}],"curies":[{"name":"wp","href":"https:\/\/api.w.org\/{rel}","templated":true}]}}

<div class="wp-block-nk-awb nk-awb  alignfull is-layout-constrained wp-block-nk-awb-is-layout-constrained">
<div class="wp-block-nk-awb nk-awb  alignfull"><div class="nk-awb-wrap" data-awb-type="image" data-awb-parallax="scroll" data-awb-parallax-speed="0.5" data-awb-parallax-mobile="true" data-awb-image-background-size="cover" data-awb-image-background-position="51% 30%"><div class="nk-awb-inner"><img loading="lazy" decoding="async" src="https://bestatterverband-saar.de/wp-content/uploads/2023/01/funeral-director-gfb243b927_1920.jpg" class="wp-image-341 jarallax-img is-layout-constrained wp-block-nk-awb-is-layout-constrained" width="1920" height="1440" srcset="https://bestatterverband-saar.de/wp-content/uploads/2023/01/funeral-director-gfb243b927_1920.jpg 1920w, https://bestatterverband-saar.de/wp-content/uploads/2023/01/funeral-director-gfb243b927_1920-300x225.jpg 300w, https://bestatterverband-saar.de/wp-content/uploads/2023/01/funeral-director-gfb243b927_1920-1024x768.jpg 1024w, https://bestatterverband-saar.de/wp-content/uploads/2023/01/funeral-director-gfb243b927_1920-768x576.jpg 768w, https://bestatterverband-saar.de/wp-content/uploads/2023/01/funeral-director-gfb243b927_1920-1536x1152.jpg 1536w, https://bestatterverband-saar.de/wp-content/uploads/2023/01/funeral-director-gfb243b927_1920-500x375.jpg 500w, https://bestatterverband-saar.de/wp-content/uploads/2023/01/funeral-director-gfb243b927_1920-800x600.jpg 800w, https://bestatterverband-saar.de/wp-content/uploads/2023/01/funeral-director-gfb243b927_1920-1280x960.jpg 1280w" sizes="auto, (max-width: 1920px) 100vw, 1920px" /></div></div>
<div style="height:350px" aria-hidden="true" class="wp-block-spacer"></div>
</div>
</div>



<div style="height:25px" aria-hidden="true" class="wp-block-spacer"></div>



<p><strong>Allgemeines</strong></p>



<p>Seit Inkrafttreten der Bestattermeisterverordnung am 15. September 2009 und Start der Ausbildungsvorbereitungskurse des Fachverlages des deutschen Bestattungsgewerbes im Mai 2010 haben insgesamt 273 Bestattermeister/innen ihre Meisterausbildung erfolgreich vor den Handwerkskammern Düsseldorf und Würzburg abgeschlossen (Stand Juni 2019). Davon 98 Bestattermeisterinnen (36 %).</p>



<p>Die Ausbildung zum Bestattermeister ist bundeseinheitlich durch Verordnung des Bundesministeriums für Wirtschaft verbindlich geregelt. Sie ergänzt die Verordnung zum Ausbildungsberuf Bestattungsfachkraft und bietet für alle Absolventen der dreijährigen Ausbildung eine weitere Qualifikationsperspektive auf Meisterebene.</p>



<p><strong><a href="https://www.bestatter.de/beruf/fortbildung/bestattermeister/bestattermeister-teil-i-und-ii/" target="_blank" rel="noreferrer noopener">Alle wichtigen Informationen zur Fortbildung zum Bestattermeister</a></strong></p>



<div style="height:25px" aria-hidden="true" class="wp-block-spacer"></div>

<p>Allgemeines Seit Inkrafttreten der Bestattermeisterverordnung am 15. September 2009 und Start der Ausbildungsvorbereitungskurse des Fachverlages des deutschen Bestattungsgewerbes im Mai 2010 haben insgesamt 273 Bestattermeister/innen ihre Meisterausbildung erfolgreich vor den Handwerkskammern Düsseldorf und Würzburg abgeschlossen (Stand Juni 2019). Davon 98<a class="more-link" href="https://bestatterverband-saar.de/index.php/fortbildung-bestattermeister-teil-i-und-ii-m-w-d/" title="Fortbildung Bestattermeister Teil I und II (m/w/d)"><span>Read more</span></a></p>
