{"id":241,"date":"2023-01-20T11:35:18","date_gmt":"2023-01-20T11:35:18","guid":{"rendered":"https:\/\/bestatter.nedigoit.de\/?page_id=241"},"modified":"2023-01-24T11:37:25","modified_gmt":"2023-01-24T11:37:25","slug":"ausbildung-zum-bestatter-bestattungsfachkraft-m-w-d","status":"publish","type":"page","link":"https:\/\/bestatterverband-saar.de\/index.php\/ausbildung-zum-bestatter-bestattungsfachkraft-m-w-d\/","title":{"rendered":"Ausbildung zum Bestatter: Bestattungsfachkraft (m\/w\/d)"},"content":{"rendered":"\n<div class=\"wp-block-nk-awb nk-awb  alignfull is-layout-constrained wp-block-nk-awb-is-layout-constrained\">\n<div class=\"wp-block-nk-awb nk-awb  alignfull\"><div class=\"nk-awb-wrap\" data-awb-type=\"image\" data-awb-parallax=\"scroll\" data-awb-parallax-speed=\"0.5\" data-awb-parallax-mobile=\"true\" data-awb-image-background-size=\"cover\" data-awb-image-background-position=\"50% 50%\"><div class=\"nk-awb-inner\"><img loading=\"lazy\" decoding=\"async\" src=\"https:\/\/bestatterverband-saar.de\/wp-content\/uploads\/2023\/01\/lake-gc74f5ce01_1280.jpg\" class=\"wp-image-339 jarallax-img is-layout-constrained wp-block-nk-awb-is-layout-constrained\" width=\"1280\" height=\"982\" srcset=\"https:\/\/bestatterverband-saar.de\/wp-content\/uploads\/2023\/01\/lake-gc74f5ce01_1280.jpg 1280w, https:\/\/bestatterverband-saar.de\/wp-content\/uploads\/2023\/01\/lake-gc74f5ce01_1280-300x230.jpg 300w, https:\/\/bestatterverband-saar.de\/wp-content\/uploads\/2023\/01\/lake-gc74f5ce01_1280-1024x786.jpg 1024w, https:\/\/bestatterverband-saar.de\/wp-content\/uploads\/2023\/01\/lake-gc74f5ce01_1280-768x589.jpg 768w, https:\/\/bestatterverband-saar.de\/wp-content\/uploads\/2023\/01\/lake-gc74f5ce01_1280-500x384.jpg 500w, https:\/\/bestatterverband-saar.de\/wp-content\/uploads\/2023\/01\/lake-gc74f5ce01_1280-800x614.jpg 800w\" sizes=\"auto, (max-width: 1280px) 100vw, 1280px\" \/><\/div><\/div>\n<div style=\"height:350px\" aria-hidden=\"true\" class=\"wp-block-spacer\"><\/div>\n<\/div>\n<\/div>\n\n\n\n<div style=\"height:25px\" aria-hidden=\"true\" class=\"wp-block-spacer\"><\/div>\n\n\n\n<div class=\"wp-block-columns is-layout-flex wp-container-core-columns-is-layout-9d6595d7 wp-block-columns-is-layout-flex\">\n<div class=\"wp-block-column is-layout-flow wp-block-column-is-layout-flow\" style=\"flex-basis:66.66%\">\n<p>Die Basis gesicherter Qualit\u00e4tsstandards im Bestatter-Beruf ist die Vermittlung fundierter, fachspezifischer Kenntnisse und F\u00e4higkeiten \u00fcber eine Ausbildung. Deshalb haben sich der Bundesverband Deutscher Bestatter und seine angeschlossenen Landesfachverb\u00e4nde ma\u00dfgeblich daf\u00fcr eingesetzt, eine inhaltlich fundierte Ausbildung zum Bestatter zu etablieren.<\/p>\n\n\n\n<p>Das Ergebnis: Seit dem Jahr 2003 ist der Beruf &#8222;Bestattungsfachkraft&#8220; zu einem geordneten und bundesweit einheitlich geregelten Ausbildungsberuf geworden.<\/p>\n\n\n\n<p><strong><a href=\"https:\/\/www.bestatter.de\/beruf\/ausbildung\/bestattungsfachkraft\/\" target=\"_blank\" rel=\"noreferrer noopener\">Allgemeines \u00fcber die Ausbildung zum Bestatter\/zur Bestatterin<\/a><\/strong><\/p>\n<\/div>\n\n\n\n<div class=\"wp-block-column is-layout-flow wp-block-column-is-layout-flow\" style=\"flex-basis:33.33%\">\n<figure class=\"wp-block-image size-full\"><img loading=\"lazy\" decoding=\"async\" width=\"359\" height=\"203\" src=\"https:\/\/bestatterverband-saar.de\/wp-content\/uploads\/2023\/01\/boxes-wide-roses.png\" alt=\"\" class=\"wp-image-363\" srcset=\"https:\/\/bestatterverband-saar.de\/wp-content\/uploads\/2023\/01\/boxes-wide-roses.png 359w, https:\/\/bestatterverband-saar.de\/wp-content\/uploads\/2023\/01\/boxes-wide-roses-300x170.png 300w\" sizes=\"auto, (max-width: 359px) 100vw, 359px\" \/><\/figure>\n<\/div>\n<\/div>\n\n\n\n<div style=\"height:25px\" aria-hidden=\"true\" class=\"wp-block-spacer\"><\/div>\n","protected":false},"excerpt":{"rendered":"<p>Die Basis gesicherter Qualit\u00e4tsstandards im Bestatter-Beruf ist die Vermittlung fundierter, fachspezifischer Kenntnisse und F\u00e4higkeiten \u00fcber eine Ausbildung. Deshalb haben sich der Bundesverband Deutscher Bestatter und seine angeschlossenen Landesfachverb\u00e4nde ma\u00dfgeblich daf\u00fcr eingesetzt, eine inhaltlich fundierte Ausbildung zum Bestatter zu etablieren. Das<a class=\"more-link\" href=\"https:\/\/bestatterverband-saar.de\/index.php\/ausbildung-zum-bestatter-bestattungsfachkraft-m-w-d\/\" title=\"Ausbildung zum Bestatter: Bestattungsfachkraft (m\/w\/d)\"><span>Read more<\/span><\/a><\/p>\n","protected":false},"author":1,"featured_media":0,"parent":0,"menu_order":0,"comment_status":"closed","ping_status":"closed","template":"","meta":{"footnotes":""},"class_list":["post-241","page","type-page","status-publish","hentry"],"_links":{"self":[{"href":"https:\/\/bestatterverband-saar.de\/index.php\/wp-json\/wp\/v2\/pages\/241","targetHints":{"allow":["GET"]}}],"collection":[{"href":"https:\/\/bestatterverband-saar.de\/index.php\/wp-json\/wp\/v2\/pages"}],"about":[{"href":"https:\/\/bestatterverband-saar.de\/index.php\/wp-json\/wp\/v2\/types\/page"}],"author":[{"embeddable":true,"href":"https:\/\/bestatterverband-saar.de\/index.php\/wp-json\/wp\/v2\/users\/1"}],"replies":[{"embeddable":true,"href":"https:\/\/bestatterverband-saar.de\/index.php\/wp-json\/wp\/v2\/comments?post=241"}],"version-history":[{"count":5,"href":"https:\/\/bestatterverband-saar.de\/index.php\/wp-json\/wp\/v2\/pages\/241\/revisions"}],"predecessor-version":[{"id":364,"href":"https:\/\/bestatterverband-saar.de\/index.php\/wp-json\/wp\/v2\/pages\/241\/revisions\/364"}],"wp:attachment":[{"href":"https:\/\/bestatterverband-saar.de\/index.php\/wp-json\/wp\/v2\/media?parent=241"}],"curies":[{"name":"wp","href":"https:\/\/api.w.org\/{rel}","templated":true}]}}

<div class="wp-block-nk-awb nk-awb  alignfull is-layout-constrained wp-block-nk-awb-is-layout-constrained">
<div class="wp-block-nk-awb nk-awb  alignfull"><div class="nk-awb-wrap" data-awb-type="image" data-awb-parallax="scroll" data-awb-parallax-speed="0.5" data-awb-parallax-mobile="true" data-awb-image-background-size="cover" data-awb-image-background-position="50% 50%"><div class="nk-awb-inner"><img loading="lazy" decoding="async" src="https://bestatterverband-saar.de/wp-content/uploads/2023/01/lake-gc74f5ce01_1280.jpg" class="wp-image-339 jarallax-img is-layout-constrained wp-block-nk-awb-is-layout-constrained" width="1280" height="982" srcset="https://bestatterverband-saar.de/wp-content/uploads/2023/01/lake-gc74f5ce01_1280.jpg 1280w, https://bestatterverband-saar.de/wp-content/uploads/2023/01/lake-gc74f5ce01_1280-300x230.jpg 300w, https://bestatterverband-saar.de/wp-content/uploads/2023/01/lake-gc74f5ce01_1280-1024x786.jpg 1024w, https://bestatterverband-saar.de/wp-content/uploads/2023/01/lake-gc74f5ce01_1280-768x589.jpg 768w, https://bestatterverband-saar.de/wp-content/uploads/2023/01/lake-gc74f5ce01_1280-500x384.jpg 500w, https://bestatterverband-saar.de/wp-content/uploads/2023/01/lake-gc74f5ce01_1280-800x614.jpg 800w" sizes="auto, (max-width: 1280px) 100vw, 1280px" /></div></div>
<div style="height:350px" aria-hidden="true" class="wp-block-spacer"></div>
</div>
</div>



<div style="height:25px" aria-hidden="true" class="wp-block-spacer"></div>



<div class="wp-block-columns is-layout-flex wp-container-core-columns-is-layout-9d6595d7 wp-block-columns-is-layout-flex">
<div class="wp-block-column is-layout-flow wp-block-column-is-layout-flow" style="flex-basis:66.66%">
<p>Die Basis gesicherter Qualitätsstandards im Bestatter-Beruf ist die Vermittlung fundierter, fachspezifischer Kenntnisse und Fähigkeiten über eine Ausbildung. Deshalb haben sich der Bundesverband Deutscher Bestatter und seine angeschlossenen Landesfachverbände maßgeblich dafür eingesetzt, eine inhaltlich fundierte Ausbildung zum Bestatter zu etablieren.</p>



<p>Das Ergebnis: Seit dem Jahr 2003 ist der Beruf &#8222;Bestattungsfachkraft&#8220; zu einem geordneten und bundesweit einheitlich geregelten Ausbildungsberuf geworden.</p>



<p><strong><a href="https://www.bestatter.de/beruf/ausbildung/bestattungsfachkraft/" target="_blank" rel="noreferrer noopener">Allgemeines über die Ausbildung zum Bestatter/zur Bestatterin</a></strong></p>
</div>



<div class="wp-block-column is-layout-flow wp-block-column-is-layout-flow" style="flex-basis:33.33%">
<figure class="wp-block-image size-full"><img loading="lazy" decoding="async" width="359" height="203" src="https://bestatterverband-saar.de/wp-content/uploads/2023/01/boxes-wide-roses.png" alt="" class="wp-image-363" srcset="https://bestatterverband-saar.de/wp-content/uploads/2023/01/boxes-wide-roses.png 359w, https://bestatterverband-saar.de/wp-content/uploads/2023/01/boxes-wide-roses-300x170.png 300w" sizes="auto, (max-width: 359px) 100vw, 359px" /></figure>
</div>
</div>



<div style="height:25px" aria-hidden="true" class="wp-block-spacer"></div>

<p>Die Basis gesicherter Qualitätsstandards im Bestatter-Beruf ist die Vermittlung fundierter, fachspezifischer Kenntnisse und Fähigkeiten über eine Ausbildung. Deshalb haben sich der Bundesverband Deutscher Bestatter und seine angeschlossenen Landesfachverbände maßgeblich dafür eingesetzt, eine inhaltlich fundierte Ausbildung zum Bestatter zu etablieren. Das<a class="more-link" href="https://bestatterverband-saar.de/index.php/ausbildung-zum-bestatter-bestattungsfachkraft-m-w-d/" title="Ausbildung zum Bestatter: Bestattungsfachkraft (m/w/d)"><span>Read more</span></a></p>
