{"id":224,"date":"2023-01-20T11:07:46","date_gmt":"2023-01-20T11:07:46","guid":{"rendered":"https:\/\/bestatter.nedigoit.de\/?page_id=224"},"modified":"2023-11-27T11:52:42","modified_gmt":"2023-11-27T11:52:42","slug":"wissen-schafft-qualitaet","status":"publish","type":"page","link":"https:\/\/bestatterverband-saar.de\/index.php\/wissen-schafft-qualitaet\/","title":{"rendered":"Wissen schafft Qualit\u00e4t"},"content":{"rendered":"\n<figure class=\"wp-block-image size-large is-resized\"><img loading=\"lazy\" decoding=\"async\" width=\"1024\" height=\"683\" src=\"https:\/\/bestatterverband-saar.de\/wp-content\/uploads\/2023\/11\/Ausbildung-1024x683.jpg\" alt=\"\" class=\"wp-image-586\" style=\"width:538px;height:auto\" srcset=\"https:\/\/bestatterverband-saar.de\/wp-content\/uploads\/2023\/11\/Ausbildung-1024x683.jpg 1024w, https:\/\/bestatterverband-saar.de\/wp-content\/uploads\/2023\/11\/Ausbildung-300x200.jpg 300w, https:\/\/bestatterverband-saar.de\/wp-content\/uploads\/2023\/11\/Ausbildung-768x512.jpg 768w, https:\/\/bestatterverband-saar.de\/wp-content\/uploads\/2023\/11\/Ausbildung-1536x1024.jpg 1536w, https:\/\/bestatterverband-saar.de\/wp-content\/uploads\/2023\/11\/Ausbildung-500x333.jpg 500w, https:\/\/bestatterverband-saar.de\/wp-content\/uploads\/2023\/11\/Ausbildung-800x533.jpg 800w, https:\/\/bestatterverband-saar.de\/wp-content\/uploads\/2023\/11\/Ausbildung-1280x853.jpg 1280w, https:\/\/bestatterverband-saar.de\/wp-content\/uploads\/2023\/11\/Ausbildung-450x300.jpg 450w, https:\/\/bestatterverband-saar.de\/wp-content\/uploads\/2023\/11\/Ausbildung.jpg 1875w\" sizes=\"auto, (max-width: 1024px) 100vw, 1024px\" \/><\/figure>\n\n\n\n<div style=\"height:25px\" aria-hidden=\"true\" class=\"wp-block-spacer\"><\/div>\n\n\n\n<h2 class=\"wp-block-heading\">Die Aus- und Weiterbildung im Bestattungsgewerbe hat Tradition.<\/h2>\n\n\n\n<div style=\"height:25px\" aria-hidden=\"true\" class=\"wp-block-spacer\"><\/div>\n\n\n\n<p>Bereits seit seiner Gr\u00fcndung in den 50er Jahren sorgen der Bundesverband Deutscher Bestatter sowie die Landesverb\u00e4nde f\u00fcr eine inhaltlich wertvolle Qualifizierung der Mitglieder.<\/p>\n\n\n\n<p>Der Bestatterverband Bayern war ma\u00dfgeblich an der stetigen Erh\u00f6hung des Ausbildungsniveaus beteiligt und so konnte im Jahr 1986 erstmals ein Lehrbuch des Bestatterverbandes Bayern herausgegeben werden.<\/p>\n\n\n\n<p>F\u00fcr die Qualifikation zum\/zur \u201eGepr\u00fcfte Bestatter\/in\u201c haben sieben deutsche Handwerkskammern verbindliche Regelungen f\u00fcr die Zulassung zur Pr\u00fcfung erstellt.<\/p>\n\n\n\n<p>Die Dozenten sind nicht nur fachliche Profis, sondern haben sich durch alle Weiterbildungen im Bereich der P\u00e4dagogik und Didaktik zus\u00e4tzlich f\u00fcr diese Aufgabe qualifiziert. Die meisten Ausbilder und Dozenten sind auch Mitglied in den verschiedenen Pr\u00fcfungsaussch\u00fcssen bei einer der Handwerkskammern. Die Ausbildungsqualit\u00e4t wird dar\u00fcber hinaus durch vom Bundesverband beauftragte Ausbildungsbeauftragte \u00fcberwacht.<\/p>\n\n\n\n<p>So sichern wir Wissenstransfer auf h\u00f6chstem Niveau.&nbsp;<\/p>\n","protected":false},"excerpt":{"rendered":"<p>Die Aus- und Weiterbildung im Bestattungsgewerbe hat Tradition. Bereits seit seiner Gr\u00fcndung in den 50er Jahren sorgen der Bundesverband Deutscher Bestatter sowie die Landesverb\u00e4nde f\u00fcr eine inhaltlich wertvolle Qualifizierung der Mitglieder. Der Bestatterverband Bayern war ma\u00dfgeblich an der stetigen Erh\u00f6hung<a class=\"more-link\" href=\"https:\/\/bestatterverband-saar.de\/index.php\/wissen-schafft-qualitaet\/\" title=\"Wissen schafft Qualit\u00e4t\"><span>Read more<\/span><\/a><\/p>\n","protected":false},"author":1,"featured_media":0,"parent":0,"menu_order":0,"comment_status":"closed","ping_status":"closed","template":"","meta":{"footnotes":""},"class_list":["post-224","page","type-page","status-publish","hentry"],"_links":{"self":[{"href":"https:\/\/bestatterverband-saar.de\/index.php\/wp-json\/wp\/v2\/pages\/224","targetHints":{"allow":["GET"]}}],"collection":[{"href":"https:\/\/bestatterverband-saar.de\/index.php\/wp-json\/wp\/v2\/pages"}],"about":[{"href":"https:\/\/bestatterverband-saar.de\/index.php\/wp-json\/wp\/v2\/types\/page"}],"author":[{"embeddable":true,"href":"https:\/\/bestatterverband-saar.de\/index.php\/wp-json\/wp\/v2\/users\/1"}],"replies":[{"embeddable":true,"href":"https:\/\/bestatterverband-saar.de\/index.php\/wp-json\/wp\/v2\/comments?post=224"}],"version-history":[{"count":3,"href":"https:\/\/bestatterverband-saar.de\/index.php\/wp-json\/wp\/v2\/pages\/224\/revisions"}],"predecessor-version":[{"id":624,"href":"https:\/\/bestatterverband-saar.de\/index.php\/wp-json\/wp\/v2\/pages\/224\/revisions\/624"}],"wp:attachment":[{"href":"https:\/\/bestatterverband-saar.de\/index.php\/wp-json\/wp\/v2\/media?parent=224"}],"curies":[{"name":"wp","href":"https:\/\/api.w.org\/{rel}","templated":true}]}}

Wissen schafft Qualität

<figure class="wp-block-image size-large is-resized"><img loading="lazy" decoding="async" width="1024" height="683" src="https://bestatterverband-saar.de/wp-content/uploads/2023/11/Ausbildung-1024x683.jpg" alt="" class="wp-image-586" style="width:538px;height:auto" srcset="https://bestatterverband-saar.de/wp-content/uploads/2023/11/Ausbildung-1024x683.jpg 1024w, https://bestatterverband-saar.de/wp-content/uploads/2023/11/Ausbildung-300x200.jpg 300w, https://bestatterverband-saar.de/wp-content/uploads/2023/11/Ausbildung-768x512.jpg 768w, https://bestatterverband-saar.de/wp-content/uploads/2023/11/Ausbildung-1536x1024.jpg 1536w, https://bestatterverband-saar.de/wp-content/uploads/2023/11/Ausbildung-500x333.jpg 500w, https://bestatterverband-saar.de/wp-content/uploads/2023/11/Ausbildung-800x533.jpg 800w, https://bestatterverband-saar.de/wp-content/uploads/2023/11/Ausbildung-1280x853.jpg 1280w, https://bestatterverband-saar.de/wp-content/uploads/2023/11/Ausbildung-450x300.jpg 450w, https://bestatterverband-saar.de/wp-content/uploads/2023/11/Ausbildung.jpg 1875w" sizes="auto, (max-width: 1024px) 100vw, 1024px" /></figure>



<div style="height:25px" aria-hidden="true" class="wp-block-spacer"></div>



<h2 class="wp-block-heading">Die Aus- und Weiterbildung im Bestattungsgewerbe hat Tradition.</h2>



<div style="height:25px" aria-hidden="true" class="wp-block-spacer"></div>



<p>Bereits seit seiner Gründung in den 50er Jahren sorgen der Bundesverband Deutscher Bestatter sowie die Landesverbände für eine inhaltlich wertvolle Qualifizierung der Mitglieder.</p>



<p>Der Bestatterverband Bayern war maßgeblich an der stetigen Erhöhung des Ausbildungsniveaus beteiligt und so konnte im Jahr 1986 erstmals ein Lehrbuch des Bestatterverbandes Bayern herausgegeben werden.</p>



<p>Für die Qualifikation zum/zur „Geprüfte Bestatter/in“ haben sieben deutsche Handwerkskammern verbindliche Regelungen für die Zulassung zur Prüfung erstellt.</p>



<p>Die Dozenten sind nicht nur fachliche Profis, sondern haben sich durch alle Weiterbildungen im Bereich der Pädagogik und Didaktik zusätzlich für diese Aufgabe qualifiziert. Die meisten Ausbilder und Dozenten sind auch Mitglied in den verschiedenen Prüfungsausschüssen bei einer der Handwerkskammern. Die Ausbildungsqualität wird darüber hinaus durch vom Bundesverband beauftragte Ausbildungsbeauftragte überwacht.</p>



<p>So sichern wir Wissenstransfer auf höchstem Niveau.&nbsp;</p>

<p>Die Aus- und Weiterbildung im Bestattungsgewerbe hat Tradition. Bereits seit seiner Gründung in den 50er Jahren sorgen der Bundesverband Deutscher Bestatter sowie die Landesverbände für eine inhaltlich wertvolle Qualifizierung der Mitglieder. Der Bestatterverband Bayern war maßgeblich an der stetigen Erhöhung<a class="more-link" href="https://bestatterverband-saar.de/index.php/wissen-schafft-qualitaet/" title="Wissen schafft Qualität"><span>Read more</span></a></p>
