{"id":222,"date":"2023-01-20T11:04:08","date_gmt":"2023-01-20T11:04:08","guid":{"rendered":"https:\/\/bestatter.nedigoit.de\/?page_id=222"},"modified":"2023-07-06T08:23:29","modified_gmt":"2023-07-06T08:23:29","slug":"fragen-und-antworten-zur-vorsorge","status":"publish","type":"page","link":"https:\/\/bestatterverband-saar.de\/index.php\/fragen-und-antworten-zur-vorsorge\/","title":{"rendered":"Fragen und Antworten zur Vorsorge"},"content":{"rendered":"\n<div class=\"wp-block-nk-awb nk-awb alignfull\"><div class=\"nk-awb-wrap-content is-layout-constrained wp-block-nk-awb-is-layout-constrained\">\n<div class=\"wp-block-nk-awb nk-awb  alignfull\"><div class=\"nk-awb-wrap\" data-awb-type=\"image\" data-awb-parallax=\"scroll\" data-awb-parallax-speed=\"0.5\" data-awb-parallax-mobile=\"true\" data-awb-image-background-size=\"cover\" data-awb-image-background-position=\"50% 50%\"><div class=\"nk-awb-inner\"><img loading=\"lazy\" decoding=\"async\" src=\"https:\/\/bestatterverband-saar.de\/wp-content\/uploads\/2023\/01\/wasser-garten.jpg\" class=\"wp-image-335 jarallax-img is-layout-constrained wp-block-nk-awb-is-layout-constrained\" width=\"1920\" height=\"1080\" srcset=\"https:\/\/bestatterverband-saar.de\/wp-content\/uploads\/2023\/01\/wasser-garten.jpg 1920w, https:\/\/bestatterverband-saar.de\/wp-content\/uploads\/2023\/01\/wasser-garten-300x169.jpg 300w, https:\/\/bestatterverband-saar.de\/wp-content\/uploads\/2023\/01\/wasser-garten-1024x576.jpg 1024w, https:\/\/bestatterverband-saar.de\/wp-content\/uploads\/2023\/01\/wasser-garten-768x432.jpg 768w, https:\/\/bestatterverband-saar.de\/wp-content\/uploads\/2023\/01\/wasser-garten-1536x864.jpg 1536w, https:\/\/bestatterverband-saar.de\/wp-content\/uploads\/2023\/01\/wasser-garten-500x281.jpg 500w, https:\/\/bestatterverband-saar.de\/wp-content\/uploads\/2023\/01\/wasser-garten-800x450.jpg 800w, https:\/\/bestatterverband-saar.de\/wp-content\/uploads\/2023\/01\/wasser-garten-1280x720.jpg 1280w\" sizes=\"auto, (max-width: 1920px) 100vw, 1920px\" \/><\/div><\/div>\n\n<div style=\"height:350px\" aria-hidden=\"true\" class=\"wp-block-spacer\"><\/div>\n\n<\/div>\n<\/div><\/div>\n\n\n\n<div style=\"height:25px\" aria-hidden=\"true\" class=\"wp-block-spacer\"><\/div>\n\n\n\n<h2 class=\"wp-block-heading has-text-color\" style=\"color:#2074bc\">Sie haben noch offene Fragen zur Bestattungsvorsorge? Hier finden Sie einige der h\u00e4ufigsten Themen auf einen Blick:<\/h2>\n\n\n\n<div style=\"height:25px\" aria-hidden=\"true\" class=\"wp-block-spacer\"><\/div>\n\n\n\n<ul class=\"wp-block-list\">\n<li><strong>Wo kann ich eine Bestattungsvorsorge abschlie\u00dfen?<\/strong><br>Fast alle Bestattungsinstitute bieten die M\u00f6glichkeit zur Vorsorge an. Sprechen Sie Ihren Bestatter am besten direkt an. Aber auch auf den Internetseiten der Bestatter finden Sie Informationen dar\u00fcber, ob der Betrieb eine Bestattungsvorsorge anbietet.<\/li>\n\n\n\n<li><strong>F\u00fcr wen kann ich die Vorsorge abschlie\u00dfen?<\/strong><br>F\u00fcr sich selbst oder auch f\u00fcr andere, z.B. f\u00fcr Ihre Eltern.<\/li>\n\n\n\n<li><strong>Was lege ich in der Vorsorge fest?<\/strong><br>Bestattungsform, W\u00fcnsche f\u00fcr die Trauerfeier, etc. \u2013 Sie k\u00f6nnen jedes Detail im Vorfeld schriftlich festhalten. Der Bestatter leitet sich durch alle Fragestellungen und dokumentiert Ihre Vorstellungen.<\/li>\n\n\n\n<li><strong>Ist die Vorsorge nur inhaltlich oder auch finanziell m\u00f6glich?<\/strong><br>Die finanzielle Absicherung&nbsp; ist auf verschiedene Weisen m\u00f6glich. U.a. je nach Alter des Betroffenen sind Treuhandkonten oder Versicherungen sinnvoll. Lassen Sie sich hier kompetent von Ihrem Bestatter beraten.<\/li>\n<\/ul>\n","protected":false},"excerpt":{"rendered":"<p>Sie haben noch offene Fragen zur Bestattungsvorsorge? Hier finden Sie einige der h\u00e4ufigsten Themen auf einen Blick:<\/p>\n","protected":false},"author":1,"featured_media":0,"parent":0,"menu_order":0,"comment_status":"closed","ping_status":"closed","template":"","meta":{"footnotes":""},"class_list":["post-222","page","type-page","status-publish","hentry"],"_links":{"self":[{"href":"https:\/\/bestatterverband-saar.de\/index.php\/wp-json\/wp\/v2\/pages\/222","targetHints":{"allow":["GET"]}}],"collection":[{"href":"https:\/\/bestatterverband-saar.de\/index.php\/wp-json\/wp\/v2\/pages"}],"about":[{"href":"https:\/\/bestatterverband-saar.de\/index.php\/wp-json\/wp\/v2\/types\/page"}],"author":[{"embeddable":true,"href":"https:\/\/bestatterverband-saar.de\/index.php\/wp-json\/wp\/v2\/users\/1"}],"replies":[{"embeddable":true,"href":"https:\/\/bestatterverband-saar.de\/index.php\/wp-json\/wp\/v2\/comments?post=222"}],"version-history":[{"count":4,"href":"https:\/\/bestatterverband-saar.de\/index.php\/wp-json\/wp\/v2\/pages\/222\/revisions"}],"predecessor-version":[{"id":525,"href":"https:\/\/bestatterverband-saar.de\/index.php\/wp-json\/wp\/v2\/pages\/222\/revisions\/525"}],"wp:attachment":[{"href":"https:\/\/bestatterverband-saar.de\/index.php\/wp-json\/wp\/v2\/media?parent=222"}],"curies":[{"name":"wp","href":"https:\/\/api.w.org\/{rel}","templated":true}]}}

<div class="wp-block-nk-awb nk-awb alignfull"><div class="nk-awb-wrap-content is-layout-constrained wp-block-nk-awb-is-layout-constrained">
<div class="wp-block-nk-awb nk-awb  alignfull"><div class="nk-awb-wrap" data-awb-type="image" data-awb-parallax="scroll" data-awb-parallax-speed="0.5" data-awb-parallax-mobile="true" data-awb-image-background-size="cover" data-awb-image-background-position="50% 50%"><div class="nk-awb-inner"><img loading="lazy" decoding="async" src="https://bestatterverband-saar.de/wp-content/uploads/2023/01/wasser-garten.jpg" class="wp-image-335 jarallax-img is-layout-constrained wp-block-nk-awb-is-layout-constrained" width="1920" height="1080" srcset="https://bestatterverband-saar.de/wp-content/uploads/2023/01/wasser-garten.jpg 1920w, https://bestatterverband-saar.de/wp-content/uploads/2023/01/wasser-garten-300x169.jpg 300w, https://bestatterverband-saar.de/wp-content/uploads/2023/01/wasser-garten-1024x576.jpg 1024w, https://bestatterverband-saar.de/wp-content/uploads/2023/01/wasser-garten-768x432.jpg 768w, https://bestatterverband-saar.de/wp-content/uploads/2023/01/wasser-garten-1536x864.jpg 1536w, https://bestatterverband-saar.de/wp-content/uploads/2023/01/wasser-garten-500x281.jpg 500w, https://bestatterverband-saar.de/wp-content/uploads/2023/01/wasser-garten-800x450.jpg 800w, https://bestatterverband-saar.de/wp-content/uploads/2023/01/wasser-garten-1280x720.jpg 1280w" sizes="auto, (max-width: 1920px) 100vw, 1920px" /></div></div>

<div style="height:350px" aria-hidden="true" class="wp-block-spacer"></div>

</div>
</div></div>



<div style="height:25px" aria-hidden="true" class="wp-block-spacer"></div>



<h2 class="wp-block-heading has-text-color" style="color:#2074bc">Sie haben noch offene Fragen zur Bestattungsvorsorge? Hier finden Sie einige der häufigsten Themen auf einen Blick:</h2>



<div style="height:25px" aria-hidden="true" class="wp-block-spacer"></div>



<ul class="wp-block-list">
<li><strong>Wo kann ich eine Bestattungsvorsorge abschließen?</strong><br>Fast alle Bestattungsinstitute bieten die Möglichkeit zur Vorsorge an. Sprechen Sie Ihren Bestatter am besten direkt an. Aber auch auf den Internetseiten der Bestatter finden Sie Informationen darüber, ob der Betrieb eine Bestattungsvorsorge anbietet.</li>



<li><strong>Für wen kann ich die Vorsorge abschließen?</strong><br>Für sich selbst oder auch für andere, z.B. für Ihre Eltern.</li>



<li><strong>Was lege ich in der Vorsorge fest?</strong><br>Bestattungsform, Wünsche für die Trauerfeier, etc. – Sie können jedes Detail im Vorfeld schriftlich festhalten. Der Bestatter leitet sich durch alle Fragestellungen und dokumentiert Ihre Vorstellungen.</li>



<li><strong>Ist die Vorsorge nur inhaltlich oder auch finanziell möglich?</strong><br>Die finanzielle Absicherung&nbsp; ist auf verschiedene Weisen möglich. U.a. je nach Alter des Betroffenen sind Treuhandkonten oder Versicherungen sinnvoll. Lassen Sie sich hier kompetent von Ihrem Bestatter beraten.</li>
</ul>

<p>Sie haben noch offene Fragen zur Bestattungsvorsorge? Hier finden Sie einige der häufigsten Themen auf einen Blick:</p>
