{"id":215,"date":"2023-01-20T10:59:48","date_gmt":"2023-01-20T10:59:48","guid":{"rendered":"https:\/\/bestatter.nedigoit.de\/?page_id=215"},"modified":"2024-04-25T07:21:25","modified_gmt":"2024-04-25T07:21:25","slug":"bestattungsvorsorge","status":"publish","type":"page","link":"https:\/\/bestatterverband-saar.de\/index.php\/bestattungsvorsorge\/","title":{"rendered":"Bestattungsvorsorge"},"content":{"rendered":"\n<div class=\"wp-block-nk-awb nk-awb  alignfull\"><div class=\"nk-awb-wrap-content is-layout-constrained wp-block-nk-awb-is-layout-constrained\">\n<div class=\"wp-block-nk-awb nk-awb  alignfull\"><div class=\"nk-awb-wrap\" data-awb-type=\"image\" data-awb-parallax=\"scroll\" data-awb-parallax-speed=\"0.5\" data-awb-parallax-mobile=\"true\" data-awb-image-background-size=\"cover\" data-awb-image-background-position=\"50% 50%\"><div class=\"nk-awb-inner\"><img loading=\"lazy\" decoding=\"async\" src=\"https:\/\/bestatterverband-saar.de\/wp-content\/uploads\/2023\/01\/forest-g6fc6d7797_1920-1.jpg\" class=\"wp-image-333 jarallax-img is-layout-constrained wp-block-nk-awb-is-layout-constrained\" width=\"1920\" height=\"1280\" srcset=\"https:\/\/bestatterverband-saar.de\/wp-content\/uploads\/2023\/01\/forest-g6fc6d7797_1920-1.jpg 1920w, https:\/\/bestatterverband-saar.de\/wp-content\/uploads\/2023\/01\/forest-g6fc6d7797_1920-1-300x200.jpg 300w, https:\/\/bestatterverband-saar.de\/wp-content\/uploads\/2023\/01\/forest-g6fc6d7797_1920-1-1024x683.jpg 1024w, https:\/\/bestatterverband-saar.de\/wp-content\/uploads\/2023\/01\/forest-g6fc6d7797_1920-1-768x512.jpg 768w, https:\/\/bestatterverband-saar.de\/wp-content\/uploads\/2023\/01\/forest-g6fc6d7797_1920-1-1536x1024.jpg 1536w, https:\/\/bestatterverband-saar.de\/wp-content\/uploads\/2023\/01\/forest-g6fc6d7797_1920-1-500x333.jpg 500w, https:\/\/bestatterverband-saar.de\/wp-content\/uploads\/2023\/01\/forest-g6fc6d7797_1920-1-800x533.jpg 800w, https:\/\/bestatterverband-saar.de\/wp-content\/uploads\/2023\/01\/forest-g6fc6d7797_1920-1-1280x853.jpg 1280w, https:\/\/bestatterverband-saar.de\/wp-content\/uploads\/2023\/01\/forest-g6fc6d7797_1920-1-450x300.jpg 450w\" sizes=\"auto, (max-width: 1920px) 100vw, 1920px\" \/><\/div><\/div>\n\n<div style=\"height:350px\" aria-hidden=\"true\" class=\"wp-block-spacer\"><\/div>\n\n<\/div>\n<\/div><\/div>\n\n\n\n<div style=\"height:25px\" aria-hidden=\"true\" class=\"wp-block-spacer\"><\/div>\n\n\n\n<h2 class=\"wp-block-heading has-text-color\" style=\"color:#2074bc\">Wieso sollte ich eine Bestattungsvorsorge abschlie\u00dfen?<\/h2>\n\n\n\n<div style=\"height:25px\" aria-hidden=\"true\" class=\"wp-block-spacer\"><\/div>\n\n\n\n<div class=\"wp-block-columns is-layout-flex wp-container-core-columns-is-layout-9d6595d7 wp-block-columns-is-layout-flex\">\n<div class=\"wp-block-column is-layout-flow wp-block-column-is-layout-flow\">\n<p>Die Bestattungsvorsorge ist ein einfaches Mittel, den Angeh\u00f6rigen Lasten zu nehmen und selbst die Art und Weise der letzten Reise zu bestimmen.<\/p>\n\n\n\n<p>Mit der Bestattungsvorsorge k\u00f6nnen Sie selbst alle Details Ihrer Bestattung regeln und gleichzeitig die Kosten daf\u00fcr schon begleichen.<\/p>\n\n\n\n<p>Modelle gibt es daf\u00fcr verschiedene: Sie k\u00f6nnen sich zum Beispiel f\u00fcr eine Sterbegeldversicherung oder ein Treuhandkonto entscheiden. Damit sind die Kosten f\u00fcr die Bestattung gedeckt und die Angeh\u00f6rigen haben eine Sorge weniger zu tragen.<\/p>\n\n\n\n<p>Weiterf\u00fchrende Informationen:<\/p>\n\n\n\n<p class=\"has-vivid-cyan-blue-color has-text-color has-link-color wp-elements-5125172a3888799838f8072b54f93bd2\">\u2022 Sterbegeldversicherung \u00fcber das <a href=\"https:\/\/www.bestatter.de\/bestattungsvorsorge\/sterbegeldversicherung\/\" target=\"_blank\" rel=\"noreferrer noopener\"><strong>Kuratorium Deutsche Bestattungskultur<\/strong><\/a><br>\u2022 Anlage von Vorsorgegeldern \u00fcber die <a href=\"https:\/\/www.bestatter.de\/bestattungsvorsorge\/bestattungsvorsorgetreuhandvertrag\/\" target=\"_blank\" rel=\"noreferrer noopener\"><strong>Deutsche Bestattungsvorsorge-Treuhand AG.<\/strong><\/a><\/p>\n<\/div>\n\n\n\n<div class=\"wp-block-column is-layout-flow wp-block-column-is-layout-flow\">\n<figure class=\"wp-block-image size-full\"><img loading=\"lazy\" decoding=\"async\" width=\"555\" height=\"417\" src=\"https:\/\/bestatterverband-saar.de\/wp-content\/uploads\/2023\/01\/boxes-gross-ordner.png\" alt=\"\" class=\"wp-image-218\" srcset=\"https:\/\/bestatterverband-saar.de\/wp-content\/uploads\/2023\/01\/boxes-gross-ordner.png 555w, https:\/\/bestatterverband-saar.de\/wp-content\/uploads\/2023\/01\/boxes-gross-ordner-300x225.png 300w, https:\/\/bestatterverband-saar.de\/wp-content\/uploads\/2023\/01\/boxes-gross-ordner-500x376.png 500w\" sizes=\"auto, (max-width: 555px) 100vw, 555px\" \/><\/figure>\n<\/div>\n<\/div>\n","protected":false},"excerpt":{"rendered":"<p>Wieso sollte ich eine Bestattungsvorsorge abschlie\u00dfen? Die Bestattungsvorsorge ist ein einfaches Mittel, den Angeh\u00f6rigen Lasten zu nehmen und selbst die Art und Weise der letzten Reise zu bestimmen. Mit der Bestattungsvorsorge k\u00f6nnen Sie selbst alle Details Ihrer Bestattung regeln und<a class=\"more-link\" href=\"https:\/\/bestatterverband-saar.de\/index.php\/bestattungsvorsorge\/\" title=\"Bestattungsvorsorge\"><span>Read more<\/span><\/a><\/p>\n","protected":false},"author":1,"featured_media":0,"parent":0,"menu_order":0,"comment_status":"closed","ping_status":"closed","template":"","meta":{"footnotes":""},"class_list":["post-215","page","type-page","status-publish","hentry"],"_links":{"self":[{"href":"https:\/\/bestatterverband-saar.de\/index.php\/wp-json\/wp\/v2\/pages\/215","targetHints":{"allow":["GET"]}}],"collection":[{"href":"https:\/\/bestatterverband-saar.de\/index.php\/wp-json\/wp\/v2\/pages"}],"about":[{"href":"https:\/\/bestatterverband-saar.de\/index.php\/wp-json\/wp\/v2\/types\/page"}],"author":[{"embeddable":true,"href":"https:\/\/bestatterverband-saar.de\/index.php\/wp-json\/wp\/v2\/users\/1"}],"replies":[{"embeddable":true,"href":"https:\/\/bestatterverband-saar.de\/index.php\/wp-json\/wp\/v2\/comments?post=215"}],"version-history":[{"count":8,"href":"https:\/\/bestatterverband-saar.de\/index.php\/wp-json\/wp\/v2\/pages\/215\/revisions"}],"predecessor-version":[{"id":630,"href":"https:\/\/bestatterverband-saar.de\/index.php\/wp-json\/wp\/v2\/pages\/215\/revisions\/630"}],"wp:attachment":[{"href":"https:\/\/bestatterverband-saar.de\/index.php\/wp-json\/wp\/v2\/media?parent=215"}],"curies":[{"name":"wp","href":"https:\/\/api.w.org\/{rel}","templated":true}]}}

<div class="wp-block-nk-awb nk-awb  alignfull"><div class="nk-awb-wrap-content is-layout-constrained wp-block-nk-awb-is-layout-constrained">
<div class="wp-block-nk-awb nk-awb  alignfull"><div class="nk-awb-wrap" data-awb-type="image" data-awb-parallax="scroll" data-awb-parallax-speed="0.5" data-awb-parallax-mobile="true" data-awb-image-background-size="cover" data-awb-image-background-position="50% 50%"><div class="nk-awb-inner"><img loading="lazy" decoding="async" src="https://bestatterverband-saar.de/wp-content/uploads/2023/01/forest-g6fc6d7797_1920-1.jpg" class="wp-image-333 jarallax-img is-layout-constrained wp-block-nk-awb-is-layout-constrained" width="1920" height="1280" srcset="https://bestatterverband-saar.de/wp-content/uploads/2023/01/forest-g6fc6d7797_1920-1.jpg 1920w, https://bestatterverband-saar.de/wp-content/uploads/2023/01/forest-g6fc6d7797_1920-1-300x200.jpg 300w, https://bestatterverband-saar.de/wp-content/uploads/2023/01/forest-g6fc6d7797_1920-1-1024x683.jpg 1024w, https://bestatterverband-saar.de/wp-content/uploads/2023/01/forest-g6fc6d7797_1920-1-768x512.jpg 768w, https://bestatterverband-saar.de/wp-content/uploads/2023/01/forest-g6fc6d7797_1920-1-1536x1024.jpg 1536w, https://bestatterverband-saar.de/wp-content/uploads/2023/01/forest-g6fc6d7797_1920-1-500x333.jpg 500w, https://bestatterverband-saar.de/wp-content/uploads/2023/01/forest-g6fc6d7797_1920-1-800x533.jpg 800w, https://bestatterverband-saar.de/wp-content/uploads/2023/01/forest-g6fc6d7797_1920-1-1280x853.jpg 1280w, https://bestatterverband-saar.de/wp-content/uploads/2023/01/forest-g6fc6d7797_1920-1-450x300.jpg 450w" sizes="auto, (max-width: 1920px) 100vw, 1920px" /></div></div>

<div style="height:350px" aria-hidden="true" class="wp-block-spacer"></div>

</div>
</div></div>



<div style="height:25px" aria-hidden="true" class="wp-block-spacer"></div>



<h2 class="wp-block-heading has-text-color" style="color:#2074bc">Wieso sollte ich eine Bestattungsvorsorge abschließen?</h2>



<div style="height:25px" aria-hidden="true" class="wp-block-spacer"></div>



<div class="wp-block-columns is-layout-flex wp-container-core-columns-is-layout-9d6595d7 wp-block-columns-is-layout-flex">
<div class="wp-block-column is-layout-flow wp-block-column-is-layout-flow">
<p>Die Bestattungsvorsorge ist ein einfaches Mittel, den Angehörigen Lasten zu nehmen und selbst die Art und Weise der letzten Reise zu bestimmen.</p>



<p>Mit der Bestattungsvorsorge können Sie selbst alle Details Ihrer Bestattung regeln und gleichzeitig die Kosten dafür schon begleichen.</p>



<p>Modelle gibt es dafür verschiedene: Sie können sich zum Beispiel für eine Sterbegeldversicherung oder ein Treuhandkonto entscheiden. Damit sind die Kosten für die Bestattung gedeckt und die Angehörigen haben eine Sorge weniger zu tragen.</p>



<p>Weiterführende Informationen:</p>



<p class="has-vivid-cyan-blue-color has-text-color has-link-color wp-elements-5125172a3888799838f8072b54f93bd2">• Sterbegeldversicherung über das <a href="https://www.bestatter.de/bestattungsvorsorge/sterbegeldversicherung/" target="_blank" rel="noreferrer noopener"><strong>Kuratorium Deutsche Bestattungskultur</strong></a><br>• Anlage von Vorsorgegeldern über die <a href="https://www.bestatter.de/bestattungsvorsorge/bestattungsvorsorgetreuhandvertrag/" target="_blank" rel="noreferrer noopener"><strong>Deutsche Bestattungsvorsorge-Treuhand AG.</strong></a></p>
</div>



<div class="wp-block-column is-layout-flow wp-block-column-is-layout-flow">
<figure class="wp-block-image size-full"><img loading="lazy" decoding="async" width="555" height="417" src="https://bestatterverband-saar.de/wp-content/uploads/2023/01/boxes-gross-ordner.png" alt="" class="wp-image-218" srcset="https://bestatterverband-saar.de/wp-content/uploads/2023/01/boxes-gross-ordner.png 555w, https://bestatterverband-saar.de/wp-content/uploads/2023/01/boxes-gross-ordner-300x225.png 300w, https://bestatterverband-saar.de/wp-content/uploads/2023/01/boxes-gross-ordner-500x376.png 500w" sizes="auto, (max-width: 555px) 100vw, 555px" /></figure>
</div>
</div>

<p>Wieso sollte ich eine Bestattungsvorsorge abschließen? Die Bestattungsvorsorge ist ein einfaches Mittel, den Angehörigen Lasten zu nehmen und selbst die Art und Weise der letzten Reise zu bestimmen. Mit der Bestattungsvorsorge können Sie selbst alle Details Ihrer Bestattung regeln und<a class="more-link" href="https://bestatterverband-saar.de/index.php/bestattungsvorsorge/" title="Bestattungsvorsorge"><span>Read more</span></a></p>
