{"id":208,"date":"2023-01-20T10:57:14","date_gmt":"2023-01-20T10:57:14","guid":{"rendered":"https:\/\/bestatter.nedigoit.de\/?page_id=208"},"modified":"2024-04-25T07:18:11","modified_gmt":"2024-04-25T07:18:11","slug":"wie-setzen-sich-die-kosten-einer-bestattung-zusammen","status":"publish","type":"page","link":"https:\/\/bestatterverband-saar.de\/index.php\/wie-setzen-sich-die-kosten-einer-bestattung-zusammen\/","title":{"rendered":"Wie setzen sich die Kosten einer Bestattung zusammen?"},"content":{"rendered":"\n<div class=\"wp-block-nk-awb nk-awb  alignfull\"><div class=\"nk-awb-wrap-content is-layout-constrained wp-block-nk-awb-is-layout-constrained\">\n<div class=\"wp-block-nk-awb nk-awb  alignfull\"><div class=\"nk-awb-wrap\" data-awb-type=\"image\" data-awb-parallax=\"scroll\" data-awb-parallax-speed=\"0.5\" data-awb-parallax-mobile=\"true\" data-awb-image-background-size=\"cover\" data-awb-image-background-position=\"50% 50%\"><div class=\"nk-awb-inner\"><img loading=\"lazy\" decoding=\"async\" src=\"https:\/\/bestatterverband-saar.de\/wp-content\/uploads\/2023\/01\/stone-gca8068092_1920.jpg\" class=\"wp-image-331 jarallax-img is-layout-constrained wp-block-nk-awb-is-layout-constrained\" width=\"1920\" height=\"1278\" srcset=\"https:\/\/bestatterverband-saar.de\/wp-content\/uploads\/2023\/01\/stone-gca8068092_1920.jpg 1920w, https:\/\/bestatterverband-saar.de\/wp-content\/uploads\/2023\/01\/stone-gca8068092_1920-300x200.jpg 300w, https:\/\/bestatterverband-saar.de\/wp-content\/uploads\/2023\/01\/stone-gca8068092_1920-1024x682.jpg 1024w, https:\/\/bestatterverband-saar.de\/wp-content\/uploads\/2023\/01\/stone-gca8068092_1920-768x511.jpg 768w, https:\/\/bestatterverband-saar.de\/wp-content\/uploads\/2023\/01\/stone-gca8068092_1920-1536x1022.jpg 1536w, https:\/\/bestatterverband-saar.de\/wp-content\/uploads\/2023\/01\/stone-gca8068092_1920-500x333.jpg 500w, https:\/\/bestatterverband-saar.de\/wp-content\/uploads\/2023\/01\/stone-gca8068092_1920-800x533.jpg 800w, https:\/\/bestatterverband-saar.de\/wp-content\/uploads\/2023\/01\/stone-gca8068092_1920-1280x852.jpg 1280w, https:\/\/bestatterverband-saar.de\/wp-content\/uploads\/2023\/01\/stone-gca8068092_1920-450x300.jpg 450w\" sizes=\"auto, (max-width: 1920px) 100vw, 1920px\" \/><\/div><\/div>\n\n<div style=\"height:350px\" aria-hidden=\"true\" class=\"wp-block-spacer\"><\/div>\n\n<\/div>\n<\/div><\/div>\n\n\n\n<div style=\"height:25px\" aria-hidden=\"true\" class=\"wp-block-spacer\"><\/div>\n\n\n\n<h2 class=\"wp-block-heading has-text-color\" style=\"color:#2074bc\">Die Kosten f\u00fcr eine Bestattung setzen sich meist aus drei Bereichen zusammen:<\/h2>\n\n\n\n<div style=\"height:25px\" aria-hidden=\"true\" class=\"wp-block-spacer\"><\/div>\n\n\n\n<ol class=\"wp-block-list\">\n<li><strong>Bestatterleistungen<\/strong> wie Beratung, Formalit\u00e4ten, \u00dcberf\u00fchrung, Versorgung des Verstorbenen, Sarg, Urne, Grabkreuz etc.<\/li>\n\n\n\n<li><strong>\u00d6ffentliche Geb\u00fchren<\/strong> f\u00fcr die Nutzung der Friedhofseinrichtungen, Grabaushub, Krematorium etc.<\/li>\n\n\n\n<li><strong>Fremdleistungen<\/strong> wie Anzeigen, Dekoration, Trauerbilder, Bewirtung, Steinmetz etc.<\/li>\n<\/ol>\n\n\n\n<p>Auf vielen Internetseiten unserer Mitgliedsunternehmen finden Sie ausf\u00fchrliche Informationen zu den entstehenden Kosten. Kostenrechner oder Beispielrechnungen geben einen ersten Einblick, der allerdings ein pers\u00f6nliches Gespr\u00e4ch \u00fcber individuelle W\u00fcnsche und Anforderungen nicht ersetzt.<\/p>\n\n\n\n<p><strong>Hier finden Sie einen ersten \u00dcberblick \u00fcber die Kosten einer Bestattung.<\/strong><\/p>\n\n\n\n<div style=\"height:25px\" aria-hidden=\"true\" class=\"wp-block-spacer\"><\/div>\n\n\n\n<div class=\"wp-block-buttons is-layout-flex wp-block-buttons-is-layout-flex\">\n<div class=\"wp-block-button is-style-outline is-style-outline--1\"><a class=\"wp-block-button__link wp-element-button\" href=\"https:\/\/www.bestatter.de\/bestattungsplaner\" style=\"border-radius:20px\">Mehr erfahren &gt;<\/a><\/div>\n<\/div>\n\n\n\n<div style=\"height:25px\" aria-hidden=\"true\" class=\"wp-block-spacer\"><\/div>\n","protected":false},"excerpt":{"rendered":"<p>Die Kosten f\u00fcr eine Bestattung setzen sich meist aus drei Bereichen zusammen: Auf vielen Internetseiten unserer Mitgliedsunternehmen finden Sie ausf\u00fchrliche Informationen zu den entstehenden Kosten. Kostenrechner oder Beispielrechnungen geben einen ersten Einblick, der allerdings ein pers\u00f6nliches Gespr\u00e4ch \u00fcber individuelle W\u00fcnsche<a class=\"more-link\" href=\"https:\/\/bestatterverband-saar.de\/index.php\/wie-setzen-sich-die-kosten-einer-bestattung-zusammen\/\" title=\"Wie setzen sich die Kosten einer Bestattung zusammen?\"><span>Read more<\/span><\/a><\/p>\n","protected":false},"author":1,"featured_media":0,"parent":0,"menu_order":0,"comment_status":"closed","ping_status":"closed","template":"","meta":{"footnotes":""},"class_list":["post-208","page","type-page","status-publish","hentry"],"_links":{"self":[{"href":"https:\/\/bestatterverband-saar.de\/index.php\/wp-json\/wp\/v2\/pages\/208","targetHints":{"allow":["GET"]}}],"collection":[{"href":"https:\/\/bestatterverband-saar.de\/index.php\/wp-json\/wp\/v2\/pages"}],"about":[{"href":"https:\/\/bestatterverband-saar.de\/index.php\/wp-json\/wp\/v2\/types\/page"}],"author":[{"embeddable":true,"href":"https:\/\/bestatterverband-saar.de\/index.php\/wp-json\/wp\/v2\/users\/1"}],"replies":[{"embeddable":true,"href":"https:\/\/bestatterverband-saar.de\/index.php\/wp-json\/wp\/v2\/comments?post=208"}],"version-history":[{"count":9,"href":"https:\/\/bestatterverband-saar.de\/index.php\/wp-json\/wp\/v2\/pages\/208\/revisions"}],"predecessor-version":[{"id":628,"href":"https:\/\/bestatterverband-saar.de\/index.php\/wp-json\/wp\/v2\/pages\/208\/revisions\/628"}],"wp:attachment":[{"href":"https:\/\/bestatterverband-saar.de\/index.php\/wp-json\/wp\/v2\/media?parent=208"}],"curies":[{"name":"wp","href":"https:\/\/api.w.org\/{rel}","templated":true}]}}

<div class="wp-block-nk-awb nk-awb  alignfull"><div class="nk-awb-wrap-content is-layout-constrained wp-block-nk-awb-is-layout-constrained">
<div class="wp-block-nk-awb nk-awb  alignfull"><div class="nk-awb-wrap" data-awb-type="image" data-awb-parallax="scroll" data-awb-parallax-speed="0.5" data-awb-parallax-mobile="true" data-awb-image-background-size="cover" data-awb-image-background-position="50% 50%"><div class="nk-awb-inner"><img loading="lazy" decoding="async" src="https://bestatterverband-saar.de/wp-content/uploads/2023/01/stone-gca8068092_1920.jpg" class="wp-image-331 jarallax-img is-layout-constrained wp-block-nk-awb-is-layout-constrained" width="1920" height="1278" srcset="https://bestatterverband-saar.de/wp-content/uploads/2023/01/stone-gca8068092_1920.jpg 1920w, https://bestatterverband-saar.de/wp-content/uploads/2023/01/stone-gca8068092_1920-300x200.jpg 300w, https://bestatterverband-saar.de/wp-content/uploads/2023/01/stone-gca8068092_1920-1024x682.jpg 1024w, https://bestatterverband-saar.de/wp-content/uploads/2023/01/stone-gca8068092_1920-768x511.jpg 768w, https://bestatterverband-saar.de/wp-content/uploads/2023/01/stone-gca8068092_1920-1536x1022.jpg 1536w, https://bestatterverband-saar.de/wp-content/uploads/2023/01/stone-gca8068092_1920-500x333.jpg 500w, https://bestatterverband-saar.de/wp-content/uploads/2023/01/stone-gca8068092_1920-800x533.jpg 800w, https://bestatterverband-saar.de/wp-content/uploads/2023/01/stone-gca8068092_1920-1280x852.jpg 1280w, https://bestatterverband-saar.de/wp-content/uploads/2023/01/stone-gca8068092_1920-450x300.jpg 450w" sizes="auto, (max-width: 1920px) 100vw, 1920px" /></div></div>

<div style="height:350px" aria-hidden="true" class="wp-block-spacer"></div>

</div>
</div></div>



<div style="height:25px" aria-hidden="true" class="wp-block-spacer"></div>



<h2 class="wp-block-heading has-text-color" style="color:#2074bc">Die Kosten für eine Bestattung setzen sich meist aus drei Bereichen zusammen:</h2>



<div style="height:25px" aria-hidden="true" class="wp-block-spacer"></div>



<ol class="wp-block-list">
<li><strong>Bestatterleistungen</strong> wie Beratung, Formalitäten, Überführung, Versorgung des Verstorbenen, Sarg, Urne, Grabkreuz etc.</li>



<li><strong>Öffentliche Gebühren</strong> für die Nutzung der Friedhofseinrichtungen, Grabaushub, Krematorium etc.</li>



<li><strong>Fremdleistungen</strong> wie Anzeigen, Dekoration, Trauerbilder, Bewirtung, Steinmetz etc.</li>
</ol>



<p>Auf vielen Internetseiten unserer Mitgliedsunternehmen finden Sie ausführliche Informationen zu den entstehenden Kosten. Kostenrechner oder Beispielrechnungen geben einen ersten Einblick, der allerdings ein persönliches Gespräch über individuelle Wünsche und Anforderungen nicht ersetzt.</p>



<p><strong>Hier finden Sie einen ersten Überblick über die Kosten einer Bestattung.</strong></p>



<div style="height:25px" aria-hidden="true" class="wp-block-spacer"></div>



<div class="wp-block-buttons is-layout-flex wp-block-buttons-is-layout-flex">
<div class="wp-block-button is-style-outline is-style-outline--1"><a class="wp-block-button__link wp-element-button" href="https://www.bestatter.de/bestattungsplaner" style="border-radius:20px">Mehr erfahren &gt;</a></div>
</div>



<div style="height:25px" aria-hidden="true" class="wp-block-spacer"></div>

<p>Die Kosten für eine Bestattung setzen sich meist aus drei Bereichen zusammen: Auf vielen Internetseiten unserer Mitgliedsunternehmen finden Sie ausführliche Informationen zu den entstehenden Kosten. Kostenrechner oder Beispielrechnungen geben einen ersten Einblick, der allerdings ein persönliches Gespräch über individuelle Wünsche<a class="more-link" href="https://bestatterverband-saar.de/index.php/wie-setzen-sich-die-kosten-einer-bestattung-zusammen/" title="Wie setzen sich die Kosten einer Bestattung zusammen?"><span>Read more</span></a></p>
