{"id":190,"date":"2023-01-20T08:57:24","date_gmt":"2023-01-20T08:57:24","guid":{"rendered":"https:\/\/bestatter.nedigoit.de\/?page_id=190"},"modified":"2023-07-06T08:21:39","modified_gmt":"2023-07-06T08:21:39","slug":"bestattungsarten","status":"publish","type":"page","link":"https:\/\/bestatterverband-saar.de\/index.php\/bestattungsarten\/","title":{"rendered":"Bestattungsarten"},"content":{"rendered":"\n<div class=\"wp-block-nk-awb nk-awb alignfull\"><div class=\"nk-awb-wrap-content is-layout-constrained wp-block-nk-awb-is-layout-constrained\">\n<div class=\"wp-block-nk-awb nk-awb  alignfull\"><div class=\"nk-awb-wrap\" data-awb-type=\"image\" data-awb-parallax=\"scroll\" data-awb-parallax-speed=\"0.5\" data-awb-parallax-mobile=\"true\" data-awb-image-background-size=\"cover\" data-awb-image-background-position=\"50% 50%\"><div class=\"nk-awb-inner\"><img loading=\"lazy\" decoding=\"async\" src=\"https:\/\/bestatterverband-saar.de\/wp-content\/uploads\/2023\/01\/hands-gaf80e3969_1920.jpg\" class=\"wp-image-329 jarallax-img is-layout-constrained wp-block-nk-awb-is-layout-constrained\" width=\"1920\" height=\"1280\" srcset=\"https:\/\/bestatterverband-saar.de\/wp-content\/uploads\/2023\/01\/hands-gaf80e3969_1920.jpg 1920w, https:\/\/bestatterverband-saar.de\/wp-content\/uploads\/2023\/01\/hands-gaf80e3969_1920-300x200.jpg 300w, https:\/\/bestatterverband-saar.de\/wp-content\/uploads\/2023\/01\/hands-gaf80e3969_1920-1024x683.jpg 1024w, https:\/\/bestatterverband-saar.de\/wp-content\/uploads\/2023\/01\/hands-gaf80e3969_1920-768x512.jpg 768w, https:\/\/bestatterverband-saar.de\/wp-content\/uploads\/2023\/01\/hands-gaf80e3969_1920-1536x1024.jpg 1536w, https:\/\/bestatterverband-saar.de\/wp-content\/uploads\/2023\/01\/hands-gaf80e3969_1920-500x333.jpg 500w, https:\/\/bestatterverband-saar.de\/wp-content\/uploads\/2023\/01\/hands-gaf80e3969_1920-800x533.jpg 800w, https:\/\/bestatterverband-saar.de\/wp-content\/uploads\/2023\/01\/hands-gaf80e3969_1920-1280x853.jpg 1280w, https:\/\/bestatterverband-saar.de\/wp-content\/uploads\/2023\/01\/hands-gaf80e3969_1920-450x300.jpg 450w\" sizes=\"auto, (max-width: 1920px) 100vw, 1920px\" \/><\/div><\/div>\n\n<div style=\"height:350px\" aria-hidden=\"true\" class=\"wp-block-spacer\"><\/div>\n\n<\/div>\n<\/div><\/div>\n\n\n\n<div style=\"height:50px\" aria-hidden=\"true\" class=\"wp-block-spacer\"><\/div>\n\n\n\n<h2 class=\"wp-block-heading has-text-color\" style=\"color:#2074bc\">Die Erdbestattung<\/h2>\n\n\n\n<div class=\"wp-block-columns is-layout-flex wp-container-core-columns-is-layout-9d6595d7 wp-block-columns-is-layout-flex\">\n<div class=\"wp-block-column is-layout-flow wp-block-column-is-layout-flow\">\n<p>Im Saarland werden ca. 30% aller Verstorbenen Erdbestattet. Der Anteil an Erdbestattungen kann regional teilweise erheblich von diesem Verh\u00e4ltnis abweichen.<\/p>\n\n\n\n<p>\u00dcblicherweise wird der Verstorbene an seinem Hauptwohnsitz beerdigt.<\/p>\n\n\n\n<p>Bei den Grabst\u00e4tten unterscheidet man zwischen Reihengrab und Wahlgrab (Sondergrabst\u00e4tte).<\/p>\n\n\n\n<p>Gegen eine Geb\u00fchr erwirbt man f\u00fcr einen bestimmten Zeitraum (Ruhedauer) ein Nutzungsrecht.<\/p>\n\n\n\n<p>Das Nutzungsrecht kann lediglich bei einem Wahlgrab beliebig verl\u00e4ngert werden. Im Gegensatz zu einem Reihengrab k\u00f6nnen in einem Wahlgrab mehrere Verstorbene beigesetzt werden.<\/p>\n\n\n\n<p>Zur Bestattung ist ein Vollholzsarg zwingend erforderlich. Der Bestatter Ihres Vertrauens h\u00e4lt eine entsprechende Auswahl an S\u00e4rgen verschiedener Preislagen, Holzarten und Gestaltungen bereit.<\/p>\n\n\n\n<p>N\u00e4here Ausk\u00fcnfte \u00fcber bestimmte regionale Bestimmungen (Friedhofssatzung) teilt Ihnen der Bestatter Ihres Wohnortes mit.<\/p>\n<\/div>\n\n\n\n<div class=\"wp-block-column is-layout-flow wp-block-column-is-layout-flow\">\n<figure class=\"wp-block-image size-full\"><img loading=\"lazy\" decoding=\"async\" width=\"555\" height=\"417\" src=\"https:\/\/bestatterverband-saar.de\/wp-content\/uploads\/2023\/01\/boxes-gross-sarg.png\" alt=\"\" class=\"wp-image-191\" srcset=\"https:\/\/bestatterverband-saar.de\/wp-content\/uploads\/2023\/01\/boxes-gross-sarg.png 555w, https:\/\/bestatterverband-saar.de\/wp-content\/uploads\/2023\/01\/boxes-gross-sarg-300x225.png 300w, https:\/\/bestatterverband-saar.de\/wp-content\/uploads\/2023\/01\/boxes-gross-sarg-500x376.png 500w\" sizes=\"auto, (max-width: 555px) 100vw, 555px\" \/><\/figure>\n<\/div>\n<\/div>\n\n\n\n<div style=\"height:50px\" aria-hidden=\"true\" class=\"wp-block-spacer\"><\/div>\n\n\n\n<h2 class=\"wp-block-heading has-text-color\" style=\"color:#2074bc\">Die Feuerbestattung<\/h2>\n\n\n\n<div class=\"wp-block-columns is-layout-flex wp-container-core-columns-is-layout-9d6595d7 wp-block-columns-is-layout-flex\">\n<div class=\"wp-block-column is-layout-flow wp-block-column-is-layout-flow\">\n<p>Bei der Feuerbestattung wird der Verstorbene mit dem Sarg in einem Krematorium einge\u00e4schert. Die zur\u00fcckbleibende Asche wird in einer Urne aufbewahrt und auf einem Friedhof beigesetzt.<\/p>\n\n\n\n<p>Vor der Ein\u00e4scherung kann eine Trauerfeier stattfinden. Trauerfeier und Beisetzung der Urne k\u00f6nnen an verschiedenen Friedh\u00f6fen vorgenommen werden.<\/p>\n\n\n\n<p>Als Beisetzungsst\u00e4tten werden Urnen-Reihengr\u00e4ber f\u00fcr eine Urne, Familiengr\u00e4ber und Mauernischen angeboten. Eine Urne kann auch in einem Erdbestattungsgrab beigesetzt werden. Eine Aufbewahrung oder Beisetzung der Asche au\u00dferhalb von Friedh\u00f6fen ist nicht gestattet.<\/p>\n\n\n\n<p>Ausgenommen vom Beisetzungszwang auf einem Friedhof ist die Bestattung der Urne zur See.<\/p>\n\n\n\n<p>Bei einer Feuerbestattung ist es erforderlich, dass eine zu Lebzeiten pers\u00f6nlich geschriebene Willenserkl\u00e4rung des Verstorbenen vorliegt. Verwandte bis zu einem gewissen Verwandtschaftsgrad k\u00f6nnen jedoch eine Feuerbestattung ebenfalls bestimmen. Gleiches gilt unter gewissen Voraussetzungen auch f\u00fcr Betreuer und Kommunen.<\/p>\n\n\n\n<p>Der Bestatter Ihres Vertrauens an Ihrem Wohnort zeigt Ihnen verschiedene M\u00f6glichkeiten des Ablaufes, der Beisetzungsm\u00f6glichkeiten auf. Ferner h\u00e4lt er ein breites Sortiment an S\u00e4rgen und Urnen bereit.<\/p>\n<\/div>\n\n\n\n<div class=\"wp-block-column is-layout-flow wp-block-column-is-layout-flow\">\n<figure class=\"wp-block-image size-full\"><img loading=\"lazy\" decoding=\"async\" width=\"555\" height=\"417\" src=\"https:\/\/bestatterverband-saar.de\/wp-content\/uploads\/2023\/01\/boxes-gross-urne.png\" alt=\"\" class=\"wp-image-192\" srcset=\"https:\/\/bestatterverband-saar.de\/wp-content\/uploads\/2023\/01\/boxes-gross-urne.png 555w, https:\/\/bestatterverband-saar.de\/wp-content\/uploads\/2023\/01\/boxes-gross-urne-300x225.png 300w, https:\/\/bestatterverband-saar.de\/wp-content\/uploads\/2023\/01\/boxes-gross-urne-500x376.png 500w\" sizes=\"auto, (max-width: 555px) 100vw, 555px\" \/><\/figure>\n<\/div>\n<\/div>\n\n\n\n<div style=\"height:50px\" aria-hidden=\"true\" class=\"wp-block-spacer\"><\/div>\n\n\n\n<h2 class=\"wp-block-heading has-text-color\" style=\"color:#2074bc\">Die verschiedenen Bestattungsformen nach einer Feuerbestattung<\/h2>\n\n\n\n<div class=\"wp-block-columns is-layout-flex wp-container-core-columns-is-layout-9d6595d7 wp-block-columns-is-layout-flex\">\n<div class=\"wp-block-column is-layout-flow wp-block-column-is-layout-flow\"><div class=\"wp-block-image\">\n<figure class=\"aligncenter size-full\"><img loading=\"lazy\" decoding=\"async\" width=\"309\" height=\"207\" src=\"https:\/\/bestatterverband-saar.de\/wp-content\/uploads\/2023\/01\/boxes-klein-natur.png\" alt=\"\" class=\"wp-image-199\" srcset=\"https:\/\/bestatterverband-saar.de\/wp-content\/uploads\/2023\/01\/boxes-klein-natur.png 309w, https:\/\/bestatterverband-saar.de\/wp-content\/uploads\/2023\/01\/boxes-klein-natur-300x201.png 300w\" sizes=\"auto, (max-width: 309px) 100vw, 309px\" \/><\/figure>\n<\/div>\n\n\n<h2 class=\"wp-block-heading has-text-align-center has-text-color\" style=\"color:#2074bc\">Naturbestattung<\/h2>\n<\/div>\n\n\n\n<div class=\"wp-block-column is-layout-flow wp-block-column-is-layout-flow\"><div class=\"wp-block-image\">\n<figure class=\"aligncenter size-full\"><img loading=\"lazy\" decoding=\"async\" width=\"309\" height=\"207\" src=\"https:\/\/bestatterverband-saar.de\/wp-content\/uploads\/2023\/01\/boxes-klein-see.png\" alt=\"\" class=\"wp-image-200\" srcset=\"https:\/\/bestatterverband-saar.de\/wp-content\/uploads\/2023\/01\/boxes-klein-see.png 309w, https:\/\/bestatterverband-saar.de\/wp-content\/uploads\/2023\/01\/boxes-klein-see-300x201.png 300w\" sizes=\"auto, (max-width: 309px) 100vw, 309px\" \/><\/figure>\n<\/div>\n\n\n<h2 class=\"wp-block-heading has-text-align-center has-text-color\" style=\"color:#2074bc\">Seebestattung<\/h2>\n<\/div>\n\n\n\n<div class=\"wp-block-column is-layout-flow wp-block-column-is-layout-flow\"><div class=\"wp-block-image\">\n<figure class=\"aligncenter size-full\"><img loading=\"lazy\" decoding=\"async\" width=\"309\" height=\"207\" src=\"https:\/\/bestatterverband-saar.de\/wp-content\/uploads\/2023\/01\/boxes-klein-diamant.png\" alt=\"\" class=\"wp-image-201\" srcset=\"https:\/\/bestatterverband-saar.de\/wp-content\/uploads\/2023\/01\/boxes-klein-diamant.png 309w, https:\/\/bestatterverband-saar.de\/wp-content\/uploads\/2023\/01\/boxes-klein-diamant-300x201.png 300w\" sizes=\"auto, (max-width: 309px) 100vw, 309px\" \/><\/figure>\n<\/div>\n\n\n<h2 class=\"wp-block-heading has-text-align-center has-text-color\" style=\"color:#2074bc\">Diamantbestattung<\/h2>\n<\/div>\n<\/div>\n\n\n\n<div style=\"height:25px\" aria-hidden=\"true\" class=\"wp-block-spacer\"><\/div>\n\n\n\n<div class=\"wp-block-columns is-layout-flex wp-container-core-columns-is-layout-9d6595d7 wp-block-columns-is-layout-flex\">\n<div class=\"wp-block-column is-layout-flow wp-block-column-is-layout-flow\"><div class=\"wp-block-image\">\n<figure class=\"aligncenter size-full\"><img loading=\"lazy\" decoding=\"async\" width=\"309\" height=\"207\" src=\"https:\/\/bestatterverband-saar.de\/wp-content\/uploads\/2023\/01\/boxes-klein-luft.png\" alt=\"\" class=\"wp-image-202\" srcset=\"https:\/\/bestatterverband-saar.de\/wp-content\/uploads\/2023\/01\/boxes-klein-luft.png 309w, https:\/\/bestatterverband-saar.de\/wp-content\/uploads\/2023\/01\/boxes-klein-luft-300x201.png 300w\" sizes=\"auto, (max-width: 309px) 100vw, 309px\" \/><\/figure>\n<\/div>\n\n\n<h2 class=\"wp-block-heading has-text-align-center has-text-color\" style=\"color:#2074bc\">Luftbestattung<\/h2>\n<\/div>\n\n\n\n<div class=\"wp-block-column is-layout-flow wp-block-column-is-layout-flow\"><\/div>\n\n\n\n<div class=\"wp-block-column is-layout-flow wp-block-column-is-layout-flow\"><div class=\"wp-block-image\">\n<figure class=\"aligncenter size-full\"><img loading=\"lazy\" decoding=\"async\" width=\"309\" height=\"207\" src=\"https:\/\/bestatterverband-saar.de\/wp-content\/uploads\/2023\/01\/boxes-klein-hand.png\" alt=\"\" class=\"wp-image-203\" srcset=\"https:\/\/bestatterverband-saar.de\/wp-content\/uploads\/2023\/01\/boxes-klein-hand.png 309w, https:\/\/bestatterverband-saar.de\/wp-content\/uploads\/2023\/01\/boxes-klein-hand-300x201.png 300w\" sizes=\"auto, (max-width: 309px) 100vw, 309px\" \/><\/figure>\n<\/div>\n\n\n<h2 class=\"wp-block-heading has-text-align-center has-text-color\" style=\"color:#2074bc\">Anonyme Bestattung<\/h2>\n<\/div>\n<\/div>\n","protected":false},"excerpt":{"rendered":"<p>Die Erdbestattung Im Saarland werden ca. 30% aller Verstorbenen Erdbestattet. Der Anteil an Erdbestattungen kann regional teilweise erheblich von diesem Verh\u00e4ltnis abweichen. \u00dcblicherweise wird der Verstorbene an seinem Hauptwohnsitz beerdigt. Bei den Grabst\u00e4tten unterscheidet man zwischen Reihengrab und Wahlgrab (Sondergrabst\u00e4tte).<a class=\"more-link\" href=\"https:\/\/bestatterverband-saar.de\/index.php\/bestattungsarten\/\" title=\"Bestattungsarten\"><span>Read more<\/span><\/a><\/p>\n","protected":false},"author":1,"featured_media":0,"parent":0,"menu_order":0,"comment_status":"closed","ping_status":"closed","template":"","meta":{"footnotes":""},"class_list":["post-190","page","type-page","status-publish","hentry"],"_links":{"self":[{"href":"https:\/\/bestatterverband-saar.de\/index.php\/wp-json\/wp\/v2\/pages\/190","targetHints":{"allow":["GET"]}}],"collection":[{"href":"https:\/\/bestatterverband-saar.de\/index.php\/wp-json\/wp\/v2\/pages"}],"about":[{"href":"https:\/\/bestatterverband-saar.de\/index.php\/wp-json\/wp\/v2\/types\/page"}],"author":[{"embeddable":true,"href":"https:\/\/bestatterverband-saar.de\/index.php\/wp-json\/wp\/v2\/users\/1"}],"replies":[{"embeddable":true,"href":"https:\/\/bestatterverband-saar.de\/index.php\/wp-json\/wp\/v2\/comments?post=190"}],"version-history":[{"count":9,"href":"https:\/\/bestatterverband-saar.de\/index.php\/wp-json\/wp\/v2\/pages\/190\/revisions"}],"predecessor-version":[{"id":522,"href":"https:\/\/bestatterverband-saar.de\/index.php\/wp-json\/wp\/v2\/pages\/190\/revisions\/522"}],"wp:attachment":[{"href":"https:\/\/bestatterverband-saar.de\/index.php\/wp-json\/wp\/v2\/media?parent=190"}],"curies":[{"name":"wp","href":"https:\/\/api.w.org\/{rel}","templated":true}]}}

<div class="wp-block-nk-awb nk-awb alignfull"><div class="nk-awb-wrap-content is-layout-constrained wp-block-nk-awb-is-layout-constrained">
<div class="wp-block-nk-awb nk-awb  alignfull"><div class="nk-awb-wrap" data-awb-type="image" data-awb-parallax="scroll" data-awb-parallax-speed="0.5" data-awb-parallax-mobile="true" data-awb-image-background-size="cover" data-awb-image-background-position="50% 50%"><div class="nk-awb-inner"><img loading="lazy" decoding="async" src="https://bestatterverband-saar.de/wp-content/uploads/2023/01/hands-gaf80e3969_1920.jpg" class="wp-image-329 jarallax-img is-layout-constrained wp-block-nk-awb-is-layout-constrained" width="1920" height="1280" srcset="https://bestatterverband-saar.de/wp-content/uploads/2023/01/hands-gaf80e3969_1920.jpg 1920w, https://bestatterverband-saar.de/wp-content/uploads/2023/01/hands-gaf80e3969_1920-300x200.jpg 300w, https://bestatterverband-saar.de/wp-content/uploads/2023/01/hands-gaf80e3969_1920-1024x683.jpg 1024w, https://bestatterverband-saar.de/wp-content/uploads/2023/01/hands-gaf80e3969_1920-768x512.jpg 768w, https://bestatterverband-saar.de/wp-content/uploads/2023/01/hands-gaf80e3969_1920-1536x1024.jpg 1536w, https://bestatterverband-saar.de/wp-content/uploads/2023/01/hands-gaf80e3969_1920-500x333.jpg 500w, https://bestatterverband-saar.de/wp-content/uploads/2023/01/hands-gaf80e3969_1920-800x533.jpg 800w, https://bestatterverband-saar.de/wp-content/uploads/2023/01/hands-gaf80e3969_1920-1280x853.jpg 1280w, https://bestatterverband-saar.de/wp-content/uploads/2023/01/hands-gaf80e3969_1920-450x300.jpg 450w" sizes="auto, (max-width: 1920px) 100vw, 1920px" /></div></div>

<div style="height:350px" aria-hidden="true" class="wp-block-spacer"></div>

</div>
</div></div>



<div style="height:50px" aria-hidden="true" class="wp-block-spacer"></div>



<h2 class="wp-block-heading has-text-color" style="color:#2074bc">Die Erdbestattung</h2>



<div class="wp-block-columns is-layout-flex wp-container-core-columns-is-layout-9d6595d7 wp-block-columns-is-layout-flex">
<div class="wp-block-column is-layout-flow wp-block-column-is-layout-flow">
<p>Im Saarland werden ca. 30% aller Verstorbenen Erdbestattet. Der Anteil an Erdbestattungen kann regional teilweise erheblich von diesem Verhältnis abweichen.</p>



<p>Üblicherweise wird der Verstorbene an seinem Hauptwohnsitz beerdigt.</p>



<p>Bei den Grabstätten unterscheidet man zwischen Reihengrab und Wahlgrab (Sondergrabstätte).</p>



<p>Gegen eine Gebühr erwirbt man für einen bestimmten Zeitraum (Ruhedauer) ein Nutzungsrecht.</p>



<p>Das Nutzungsrecht kann lediglich bei einem Wahlgrab beliebig verlängert werden. Im Gegensatz zu einem Reihengrab können in einem Wahlgrab mehrere Verstorbene beigesetzt werden.</p>



<p>Zur Bestattung ist ein Vollholzsarg zwingend erforderlich. Der Bestatter Ihres Vertrauens hält eine entsprechende Auswahl an Särgen verschiedener Preislagen, Holzarten und Gestaltungen bereit.</p>



<p>Nähere Auskünfte über bestimmte regionale Bestimmungen (Friedhofssatzung) teilt Ihnen der Bestatter Ihres Wohnortes mit.</p>
</div>



<div class="wp-block-column is-layout-flow wp-block-column-is-layout-flow">
<figure class="wp-block-image size-full"><img loading="lazy" decoding="async" width="555" height="417" src="https://bestatterverband-saar.de/wp-content/uploads/2023/01/boxes-gross-sarg.png" alt="" class="wp-image-191" srcset="https://bestatterverband-saar.de/wp-content/uploads/2023/01/boxes-gross-sarg.png 555w, https://bestatterverband-saar.de/wp-content/uploads/2023/01/boxes-gross-sarg-300x225.png 300w, https://bestatterverband-saar.de/wp-content/uploads/2023/01/boxes-gross-sarg-500x376.png 500w" sizes="auto, (max-width: 555px) 100vw, 555px" /></figure>
</div>
</div>



<div style="height:50px" aria-hidden="true" class="wp-block-spacer"></div>



<h2 class="wp-block-heading has-text-color" style="color:#2074bc">Die Feuerbestattung</h2>



<div class="wp-block-columns is-layout-flex wp-container-core-columns-is-layout-9d6595d7 wp-block-columns-is-layout-flex">
<div class="wp-block-column is-layout-flow wp-block-column-is-layout-flow">
<p>Bei der Feuerbestattung wird der Verstorbene mit dem Sarg in einem Krematorium eingeäschert. Die zurückbleibende Asche wird in einer Urne aufbewahrt und auf einem Friedhof beigesetzt.</p>



<p>Vor der Einäscherung kann eine Trauerfeier stattfinden. Trauerfeier und Beisetzung der Urne können an verschiedenen Friedhöfen vorgenommen werden.</p>



<p>Als Beisetzungsstätten werden Urnen-Reihengräber für eine Urne, Familiengräber und Mauernischen angeboten. Eine Urne kann auch in einem Erdbestattungsgrab beigesetzt werden. Eine Aufbewahrung oder Beisetzung der Asche außerhalb von Friedhöfen ist nicht gestattet.</p>



<p>Ausgenommen vom Beisetzungszwang auf einem Friedhof ist die Bestattung der Urne zur See.</p>



<p>Bei einer Feuerbestattung ist es erforderlich, dass eine zu Lebzeiten persönlich geschriebene Willenserklärung des Verstorbenen vorliegt. Verwandte bis zu einem gewissen Verwandtschaftsgrad können jedoch eine Feuerbestattung ebenfalls bestimmen. Gleiches gilt unter gewissen Voraussetzungen auch für Betreuer und Kommunen.</p>



<p>Der Bestatter Ihres Vertrauens an Ihrem Wohnort zeigt Ihnen verschiedene Möglichkeiten des Ablaufes, der Beisetzungsmöglichkeiten auf. Ferner hält er ein breites Sortiment an Särgen und Urnen bereit.</p>
</div>



<div class="wp-block-column is-layout-flow wp-block-column-is-layout-flow">
<figure class="wp-block-image size-full"><img loading="lazy" decoding="async" width="555" height="417" src="https://bestatterverband-saar.de/wp-content/uploads/2023/01/boxes-gross-urne.png" alt="" class="wp-image-192" srcset="https://bestatterverband-saar.de/wp-content/uploads/2023/01/boxes-gross-urne.png 555w, https://bestatterverband-saar.de/wp-content/uploads/2023/01/boxes-gross-urne-300x225.png 300w, https://bestatterverband-saar.de/wp-content/uploads/2023/01/boxes-gross-urne-500x376.png 500w" sizes="auto, (max-width: 555px) 100vw, 555px" /></figure>
</div>
</div>



<div style="height:50px" aria-hidden="true" class="wp-block-spacer"></div>



<h2 class="wp-block-heading has-text-color" style="color:#2074bc">Die verschiedenen Bestattungsformen nach einer Feuerbestattung</h2>



<div class="wp-block-columns is-layout-flex wp-container-core-columns-is-layout-9d6595d7 wp-block-columns-is-layout-flex">
<div class="wp-block-column is-layout-flow wp-block-column-is-layout-flow"><div class="wp-block-image">
<figure class="aligncenter size-full"><img loading="lazy" decoding="async" width="309" height="207" src="https://bestatterverband-saar.de/wp-content/uploads/2023/01/boxes-klein-natur.png" alt="" class="wp-image-199" srcset="https://bestatterverband-saar.de/wp-content/uploads/2023/01/boxes-klein-natur.png 309w, https://bestatterverband-saar.de/wp-content/uploads/2023/01/boxes-klein-natur-300x201.png 300w" sizes="auto, (max-width: 309px) 100vw, 309px" /></figure>
</div>


<h2 class="wp-block-heading has-text-align-center has-text-color" style="color:#2074bc">Naturbestattung</h2>
</div>



<div class="wp-block-column is-layout-flow wp-block-column-is-layout-flow"><div class="wp-block-image">
<figure class="aligncenter size-full"><img loading="lazy" decoding="async" width="309" height="207" src="https://bestatterverband-saar.de/wp-content/uploads/2023/01/boxes-klein-see.png" alt="" class="wp-image-200" srcset="https://bestatterverband-saar.de/wp-content/uploads/2023/01/boxes-klein-see.png 309w, https://bestatterverband-saar.de/wp-content/uploads/2023/01/boxes-klein-see-300x201.png 300w" sizes="auto, (max-width: 309px) 100vw, 309px" /></figure>
</div>


<h2 class="wp-block-heading has-text-align-center has-text-color" style="color:#2074bc">Seebestattung</h2>
</div>



<div class="wp-block-column is-layout-flow wp-block-column-is-layout-flow"><div class="wp-block-image">
<figure class="aligncenter size-full"><img loading="lazy" decoding="async" width="309" height="207" src="https://bestatterverband-saar.de/wp-content/uploads/2023/01/boxes-klein-diamant.png" alt="" class="wp-image-201" srcset="https://bestatterverband-saar.de/wp-content/uploads/2023/01/boxes-klein-diamant.png 309w, https://bestatterverband-saar.de/wp-content/uploads/2023/01/boxes-klein-diamant-300x201.png 300w" sizes="auto, (max-width: 309px) 100vw, 309px" /></figure>
</div>


<h2 class="wp-block-heading has-text-align-center has-text-color" style="color:#2074bc">Diamantbestattung</h2>
</div>
</div>



<div style="height:25px" aria-hidden="true" class="wp-block-spacer"></div>



<div class="wp-block-columns is-layout-flex wp-container-core-columns-is-layout-9d6595d7 wp-block-columns-is-layout-flex">
<div class="wp-block-column is-layout-flow wp-block-column-is-layout-flow"><div class="wp-block-image">
<figure class="aligncenter size-full"><img loading="lazy" decoding="async" width="309" height="207" src="https://bestatterverband-saar.de/wp-content/uploads/2023/01/boxes-klein-luft.png" alt="" class="wp-image-202" srcset="https://bestatterverband-saar.de/wp-content/uploads/2023/01/boxes-klein-luft.png 309w, https://bestatterverband-saar.de/wp-content/uploads/2023/01/boxes-klein-luft-300x201.png 300w" sizes="auto, (max-width: 309px) 100vw, 309px" /></figure>
</div>


<h2 class="wp-block-heading has-text-align-center has-text-color" style="color:#2074bc">Luftbestattung</h2>
</div>



<div class="wp-block-column is-layout-flow wp-block-column-is-layout-flow"></div>



<div class="wp-block-column is-layout-flow wp-block-column-is-layout-flow"><div class="wp-block-image">
<figure class="aligncenter size-full"><img loading="lazy" decoding="async" width="309" height="207" src="https://bestatterverband-saar.de/wp-content/uploads/2023/01/boxes-klein-hand.png" alt="" class="wp-image-203" srcset="https://bestatterverband-saar.de/wp-content/uploads/2023/01/boxes-klein-hand.png 309w, https://bestatterverband-saar.de/wp-content/uploads/2023/01/boxes-klein-hand-300x201.png 300w" sizes="auto, (max-width: 309px) 100vw, 309px" /></figure>
</div>


<h2 class="wp-block-heading has-text-align-center has-text-color" style="color:#2074bc">Anonyme Bestattung</h2>
</div>
</div>

<p>Die Erdbestattung Im Saarland werden ca. 30% aller Verstorbenen Erdbestattet. Der Anteil an Erdbestattungen kann regional teilweise erheblich von diesem Verhältnis abweichen. Üblicherweise wird der Verstorbene an seinem Hauptwohnsitz beerdigt. Bei den Grabstätten unterscheidet man zwischen Reihengrab und Wahlgrab (Sondergrabstätte).<a class="more-link" href="https://bestatterverband-saar.de/index.php/bestattungsarten/" title="Bestattungsarten"><span>Read more</span></a></p>
