{"id":173,"date":"2023-01-19T14:26:48","date_gmt":"2023-01-19T14:26:48","guid":{"rendered":"https:\/\/bestatter.nedigoit.de\/?page_id=173"},"modified":"2023-11-27T11:48:01","modified_gmt":"2023-11-27T11:48:01","slug":"was-tun-im-trauerfall","status":"publish","type":"page","link":"https:\/\/bestatterverband-saar.de\/index.php\/was-tun-im-trauerfall\/","title":{"rendered":"Was tun im Trauerfall?"},"content":{"rendered":"\n<div class=\"wp-block-nk-awb nk-awb alignfull\"><div class=\"nk-awb-wrap-content is-layout-constrained wp-block-nk-awb-is-layout-constrained\">\n<figure class=\"wp-block-image size-large is-resized\"><img loading=\"lazy\" decoding=\"async\" width=\"1024\" height=\"683\" src=\"https:\/\/bestatterverband-saar.de\/wp-content\/uploads\/2023\/11\/Trauerfall-1024x683.jpg\" alt=\"\" class=\"wp-image-619\" style=\"width:772px;height:auto\" srcset=\"https:\/\/bestatterverband-saar.de\/wp-content\/uploads\/2023\/11\/Trauerfall-1024x683.jpg 1024w, https:\/\/bestatterverband-saar.de\/wp-content\/uploads\/2023\/11\/Trauerfall-300x200.jpg 300w, https:\/\/bestatterverband-saar.de\/wp-content\/uploads\/2023\/11\/Trauerfall-768x512.jpg 768w, https:\/\/bestatterverband-saar.de\/wp-content\/uploads\/2023\/11\/Trauerfall-1536x1025.jpg 1536w, https:\/\/bestatterverband-saar.de\/wp-content\/uploads\/2023\/11\/Trauerfall-2048x1367.jpg 2048w, https:\/\/bestatterverband-saar.de\/wp-content\/uploads\/2023\/11\/Trauerfall-500x334.jpg 500w, https:\/\/bestatterverband-saar.de\/wp-content\/uploads\/2023\/11\/Trauerfall-800x534.jpg 800w, https:\/\/bestatterverband-saar.de\/wp-content\/uploads\/2023\/11\/Trauerfall-1280x854.jpg 1280w, https:\/\/bestatterverband-saar.de\/wp-content\/uploads\/2023\/11\/Trauerfall-1920x1281.jpg 1920w, https:\/\/bestatterverband-saar.de\/wp-content\/uploads\/2023\/11\/Trauerfall-450x300.jpg 450w\" sizes=\"auto, (max-width: 1024px) 100vw, 1024px\" \/><\/figure>\n<\/div><\/div>\n\n\n\n<div style=\"height:25px\" aria-hidden=\"true\" class=\"wp-block-spacer\"><\/div>\n\n\n\n<h2 class=\"wp-block-heading has-text-color\" style=\"color:#2074bc\">Die ersten Schritte sind oft die Schwersten. Noch gefangen im Schock der ersten Stunden nach dem Tod eines Angeh\u00f6rigen gilt es, folgende Formalit\u00e4ten zu erledigen:<\/h2>\n\n\n\n<ul class=\"wp-block-list\">\n<li>Benachrichtigen Sie einen Arzt, der die Todesbescheinigung ausstellt. Ohne dieses Dokument darf nichts weiter unternommen werden. Tritt der Tod im Krankenhaus ein, wird dies automatisch veranlasst.<\/li>\n\n\n\n<li>Benachrichtigen Sie den Bestatter, dem Sie alle weiteren Schritte anvertrauen wollen. Er k\u00fcmmert sich in der Regel um die \u00dcberf\u00fchrung des Verstorbenen, Sterbeurkunden, Abmeldungen von Versicherungen, Krankenkassen etc. und geht mit Ihnen die weiteren Schritte, um eine w\u00fcrdige Bestattung sowie alles rund um die Trauerfeier zu organisieren.<\/li>\n\n\n\n<li>Denken Sie daran, Dauerauftr\u00e4ge zu \u00e4ndern, Gas und Wasser abzubestellen sowie Mitgliedschaften, Mietvertr\u00e4ge und Abos zu beenden.&nbsp;<\/li>\n<\/ul>\n","protected":false},"excerpt":{"rendered":"<p>Die ersten Schritte sind oft die Schwersten. Noch gefangen im Schock der ersten Stunden nach dem Tod eines Angeh\u00f6rigen gilt es, folgende Formalit\u00e4ten zu erledigen:<\/p>\n","protected":false},"author":1,"featured_media":0,"parent":0,"menu_order":0,"comment_status":"closed","ping_status":"closed","template":"","meta":{"footnotes":""},"class_list":["post-173","page","type-page","status-publish","hentry"],"_links":{"self":[{"href":"https:\/\/bestatterverband-saar.de\/index.php\/wp-json\/wp\/v2\/pages\/173","targetHints":{"allow":["GET"]}}],"collection":[{"href":"https:\/\/bestatterverband-saar.de\/index.php\/wp-json\/wp\/v2\/pages"}],"about":[{"href":"https:\/\/bestatterverband-saar.de\/index.php\/wp-json\/wp\/v2\/types\/page"}],"author":[{"embeddable":true,"href":"https:\/\/bestatterverband-saar.de\/index.php\/wp-json\/wp\/v2\/users\/1"}],"replies":[{"embeddable":true,"href":"https:\/\/bestatterverband-saar.de\/index.php\/wp-json\/wp\/v2\/comments?post=173"}],"version-history":[{"count":7,"href":"https:\/\/bestatterverband-saar.de\/index.php\/wp-json\/wp\/v2\/pages\/173\/revisions"}],"predecessor-version":[{"id":621,"href":"https:\/\/bestatterverband-saar.de\/index.php\/wp-json\/wp\/v2\/pages\/173\/revisions\/621"}],"wp:attachment":[{"href":"https:\/\/bestatterverband-saar.de\/index.php\/wp-json\/wp\/v2\/media?parent=173"}],"curies":[{"name":"wp","href":"https:\/\/api.w.org\/{rel}","templated":true}]}}

<div class="wp-block-nk-awb nk-awb alignfull"><div class="nk-awb-wrap-content is-layout-constrained wp-block-nk-awb-is-layout-constrained">
<figure class="wp-block-image size-large is-resized"><img loading="lazy" decoding="async" width="1024" height="683" src="https://bestatterverband-saar.de/wp-content/uploads/2023/11/Trauerfall-1024x683.jpg" alt="" class="wp-image-619" style="width:772px;height:auto" srcset="https://bestatterverband-saar.de/wp-content/uploads/2023/11/Trauerfall-1024x683.jpg 1024w, https://bestatterverband-saar.de/wp-content/uploads/2023/11/Trauerfall-300x200.jpg 300w, https://bestatterverband-saar.de/wp-content/uploads/2023/11/Trauerfall-768x512.jpg 768w, https://bestatterverband-saar.de/wp-content/uploads/2023/11/Trauerfall-1536x1025.jpg 1536w, https://bestatterverband-saar.de/wp-content/uploads/2023/11/Trauerfall-2048x1367.jpg 2048w, https://bestatterverband-saar.de/wp-content/uploads/2023/11/Trauerfall-500x334.jpg 500w, https://bestatterverband-saar.de/wp-content/uploads/2023/11/Trauerfall-800x534.jpg 800w, https://bestatterverband-saar.de/wp-content/uploads/2023/11/Trauerfall-1280x854.jpg 1280w, https://bestatterverband-saar.de/wp-content/uploads/2023/11/Trauerfall-1920x1281.jpg 1920w, https://bestatterverband-saar.de/wp-content/uploads/2023/11/Trauerfall-450x300.jpg 450w" sizes="auto, (max-width: 1024px) 100vw, 1024px" /></figure>
</div></div>



<div style="height:25px" aria-hidden="true" class="wp-block-spacer"></div>



<h2 class="wp-block-heading has-text-color" style="color:#2074bc">Die ersten Schritte sind oft die Schwersten. Noch gefangen im Schock der ersten Stunden nach dem Tod eines Angehörigen gilt es, folgende Formalitäten zu erledigen:</h2>



<ul class="wp-block-list">
<li>Benachrichtigen Sie einen Arzt, der die Todesbescheinigung ausstellt. Ohne dieses Dokument darf nichts weiter unternommen werden. Tritt der Tod im Krankenhaus ein, wird dies automatisch veranlasst.</li>



<li>Benachrichtigen Sie den Bestatter, dem Sie alle weiteren Schritte anvertrauen wollen. Er kümmert sich in der Regel um die Überführung des Verstorbenen, Sterbeurkunden, Abmeldungen von Versicherungen, Krankenkassen etc. und geht mit Ihnen die weiteren Schritte, um eine würdige Bestattung sowie alles rund um die Trauerfeier zu organisieren.</li>



<li>Denken Sie daran, Daueraufträge zu ändern, Gas und Wasser abzubestellen sowie Mitgliedschaften, Mietverträge und Abos zu beenden.&nbsp;</li>
</ul>

<p>Die ersten Schritte sind oft die Schwersten. Noch gefangen im Schock der ersten Stunden nach dem Tod eines Angehörigen gilt es, folgende Formalitäten zu erledigen:</p>
