{"id":160,"date":"2023-01-19T11:47:43","date_gmt":"2023-01-19T11:47:43","guid":{"rendered":"https:\/\/bestatter.nedigoit.de\/?page_id=160"},"modified":"2024-04-25T07:49:21","modified_gmt":"2024-04-25T07:49:21","slug":"mitglied-werden","status":"publish","type":"page","link":"https:\/\/bestatterverband-saar.de\/index.php\/mitglied-werden\/","title":{"rendered":"Mitglied werden"},"content":{"rendered":"\n<div class=\"wp-block-nk-awb nk-awb  alignfull\"><div class=\"nk-awb-wrap-content is-layout-constrained wp-block-nk-awb-is-layout-constrained\">\n<div class=\"wp-block-nk-awb nk-awb  alignfull\"><div class=\"nk-awb-wrap\" data-awb-type=\"image\" data-awb-parallax=\"scroll\" data-awb-parallax-speed=\"0.5\" data-awb-parallax-mobile=\"true\" data-awb-image-background-size=\"cover\" data-awb-image-background-position=\"50% 50%\"><div class=\"nk-awb-inner\"><img loading=\"lazy\" decoding=\"async\" src=\"https:\/\/bestatterverband-saar.de\/wp-content\/uploads\/2023\/01\/mettlach-gf132a64dc_1920.jpg\" class=\"wp-image-318 jarallax-img is-layout-constrained wp-block-nk-awb-is-layout-constrained\" width=\"1920\" height=\"1280\" srcset=\"https:\/\/bestatterverband-saar.de\/wp-content\/uploads\/2023\/01\/mettlach-gf132a64dc_1920.jpg 1920w, https:\/\/bestatterverband-saar.de\/wp-content\/uploads\/2023\/01\/mettlach-gf132a64dc_1920-300x200.jpg 300w, https:\/\/bestatterverband-saar.de\/wp-content\/uploads\/2023\/01\/mettlach-gf132a64dc_1920-1024x683.jpg 1024w, https:\/\/bestatterverband-saar.de\/wp-content\/uploads\/2023\/01\/mettlach-gf132a64dc_1920-768x512.jpg 768w, https:\/\/bestatterverband-saar.de\/wp-content\/uploads\/2023\/01\/mettlach-gf132a64dc_1920-1536x1024.jpg 1536w, https:\/\/bestatterverband-saar.de\/wp-content\/uploads\/2023\/01\/mettlach-gf132a64dc_1920-500x333.jpg 500w, https:\/\/bestatterverband-saar.de\/wp-content\/uploads\/2023\/01\/mettlach-gf132a64dc_1920-800x533.jpg 800w, https:\/\/bestatterverband-saar.de\/wp-content\/uploads\/2023\/01\/mettlach-gf132a64dc_1920-1280x853.jpg 1280w, https:\/\/bestatterverband-saar.de\/wp-content\/uploads\/2023\/01\/mettlach-gf132a64dc_1920-450x300.jpg 450w\" sizes=\"auto, (max-width: 1920px) 100vw, 1920px\" \/><\/div><\/div>\n\n<div style=\"height:350px\" aria-hidden=\"true\" class=\"wp-block-spacer\"><\/div>\n\n<\/div>\n<\/div><\/div>\n\n\n\n<div style=\"height:25px\" aria-hidden=\"true\" class=\"wp-block-spacer\"><\/div>\n\n\n\n<p>Wir freuen uns, dass Sie eine Mitgliedschaft im Bestatterverband Saarland e.V. f\u00fcr sich in Erw\u00e4gung ziehen.<\/p>\n\n\n\n<p><strong>Unsere Beitr\u00e4ge:<\/strong><\/p>\n\n\n\n<p>1. 350 Euro bis 200 Bestattungen im Jahr<br>2. 600 Euro ab 200 Bestattungen im Jahr<\/p>\n\n\n\n<p>Der F\u00f6rdermitgliedsbeitrag betr\u00e4gt&nbsp;j\u00e4hrlich 350,00 EUR<\/p>\n\n\n\n<p><\/p>\n\n\n\n<div style=\"height:25px\" aria-hidden=\"true\" class=\"wp-block-spacer\"><\/div>\n\n\n\n<p>Um Mitglied zu werden, klicken Sie unten einfach auf die gew\u00fcnschte Mitgliedschaft. Mit unseren digitalen Antr\u00e4gen ist dies in nur wenigen Minuten erledigt.<\/p>\n\n\n\n<div style=\"height:25px\" aria-hidden=\"true\" class=\"wp-block-spacer\"><\/div>\n\n\n\n<h2 class=\"wp-block-heading has-text-color\" style=\"color:#2074bc\"><strong>Hier geht&#8217;s zu dem digitalen Aufnahmeantrag<\/strong><\/h2>\n\n\n\n<div class=\"wp-block-columns is-layout-flex wp-container-core-columns-is-layout-9d6595d7 wp-block-columns-is-layout-flex\">\n<div class=\"wp-block-column is-layout-flow wp-block-column-is-layout-flow\">\n<figure class=\"wp-block-image size-full\"><img loading=\"lazy\" decoding=\"async\" width=\"359\" height=\"203\" src=\"https:\/\/bestatterverband-saar.de\/wp-content\/uploads\/2023\/01\/boxes-wide-schloss.png\" alt=\"\" class=\"wp-image-163\" srcset=\"https:\/\/bestatterverband-saar.de\/wp-content\/uploads\/2023\/01\/boxes-wide-schloss.png 359w, https:\/\/bestatterverband-saar.de\/wp-content\/uploads\/2023\/01\/boxes-wide-schloss-300x170.png 300w\" sizes=\"auto, (max-width: 359px) 100vw, 359px\" \/><\/figure>\n\n\n\n<h3 class=\"wp-block-heading alignfull has-text-align-center has-text-color\" style=\"color:#2074bc\">Unternehmensmitgliedschaft<\/h3>\n\n\n\n<div class=\"wp-block-buttons is-layout-flex wp-block-buttons-is-layout-flex\">\n<div class=\"wp-block-button aligncenter is-style-outline is-style-outline--1\"><a class=\"wp-block-button__link wp-element-button\" href=\"https:\/\/bestatterverband-saar.de\/wp-content\/uploads\/2024\/04\/Antrag-Bestatterverband-Saarland.pdf\" style=\"border-radius:20px\">Zum digitalen Antrag &gt;<\/a><\/div>\n<\/div>\n<\/div>\n\n\n\n<div class=\"wp-block-column is-layout-flow wp-block-column-is-layout-flow\"><\/div>\n<\/div>\n","protected":false},"excerpt":{"rendered":"<p>Wir freuen uns, dass Sie eine Mitgliedschaft im Bestatterverband Saarland e.V. f\u00fcr sich in Erw\u00e4gung ziehen. Unsere Beitr\u00e4ge: 1. 350 Euro bis 200 Bestattungen im Jahr2. 600 Euro ab 200 Bestattungen im Jahr Der F\u00f6rdermitgliedsbeitrag betr\u00e4gt&nbsp;j\u00e4hrlich 350,00 EUR Um Mitglied<a class=\"more-link\" href=\"https:\/\/bestatterverband-saar.de\/index.php\/mitglied-werden\/\" title=\"Mitglied werden\"><span>Read more<\/span><\/a><\/p>\n","protected":false},"author":1,"featured_media":0,"parent":0,"menu_order":0,"comment_status":"closed","ping_status":"closed","template":"","meta":{"footnotes":""},"class_list":["post-160","page","type-page","status-publish","hentry"],"_links":{"self":[{"href":"https:\/\/bestatterverband-saar.de\/index.php\/wp-json\/wp\/v2\/pages\/160","targetHints":{"allow":["GET"]}}],"collection":[{"href":"https:\/\/bestatterverband-saar.de\/index.php\/wp-json\/wp\/v2\/pages"}],"about":[{"href":"https:\/\/bestatterverband-saar.de\/index.php\/wp-json\/wp\/v2\/types\/page"}],"author":[{"embeddable":true,"href":"https:\/\/bestatterverband-saar.de\/index.php\/wp-json\/wp\/v2\/users\/1"}],"replies":[{"embeddable":true,"href":"https:\/\/bestatterverband-saar.de\/index.php\/wp-json\/wp\/v2\/comments?post=160"}],"version-history":[{"count":14,"href":"https:\/\/bestatterverband-saar.de\/index.php\/wp-json\/wp\/v2\/pages\/160\/revisions"}],"predecessor-version":[{"id":640,"href":"https:\/\/bestatterverband-saar.de\/index.php\/wp-json\/wp\/v2\/pages\/160\/revisions\/640"}],"wp:attachment":[{"href":"https:\/\/bestatterverband-saar.de\/index.php\/wp-json\/wp\/v2\/media?parent=160"}],"curies":[{"name":"wp","href":"https:\/\/api.w.org\/{rel}","templated":true}]}}

<div class="wp-block-nk-awb nk-awb  alignfull"><div class="nk-awb-wrap-content is-layout-constrained wp-block-nk-awb-is-layout-constrained">
<div class="wp-block-nk-awb nk-awb  alignfull"><div class="nk-awb-wrap" data-awb-type="image" data-awb-parallax="scroll" data-awb-parallax-speed="0.5" data-awb-parallax-mobile="true" data-awb-image-background-size="cover" data-awb-image-background-position="50% 50%"><div class="nk-awb-inner"><img loading="lazy" decoding="async" src="https://bestatterverband-saar.de/wp-content/uploads/2023/01/mettlach-gf132a64dc_1920.jpg" class="wp-image-318 jarallax-img is-layout-constrained wp-block-nk-awb-is-layout-constrained" width="1920" height="1280" srcset="https://bestatterverband-saar.de/wp-content/uploads/2023/01/mettlach-gf132a64dc_1920.jpg 1920w, https://bestatterverband-saar.de/wp-content/uploads/2023/01/mettlach-gf132a64dc_1920-300x200.jpg 300w, https://bestatterverband-saar.de/wp-content/uploads/2023/01/mettlach-gf132a64dc_1920-1024x683.jpg 1024w, https://bestatterverband-saar.de/wp-content/uploads/2023/01/mettlach-gf132a64dc_1920-768x512.jpg 768w, https://bestatterverband-saar.de/wp-content/uploads/2023/01/mettlach-gf132a64dc_1920-1536x1024.jpg 1536w, https://bestatterverband-saar.de/wp-content/uploads/2023/01/mettlach-gf132a64dc_1920-500x333.jpg 500w, https://bestatterverband-saar.de/wp-content/uploads/2023/01/mettlach-gf132a64dc_1920-800x533.jpg 800w, https://bestatterverband-saar.de/wp-content/uploads/2023/01/mettlach-gf132a64dc_1920-1280x853.jpg 1280w, https://bestatterverband-saar.de/wp-content/uploads/2023/01/mettlach-gf132a64dc_1920-450x300.jpg 450w" sizes="auto, (max-width: 1920px) 100vw, 1920px" /></div></div>

<div style="height:350px" aria-hidden="true" class="wp-block-spacer"></div>

</div>
</div></div>



<div style="height:25px" aria-hidden="true" class="wp-block-spacer"></div>



<p>Wir freuen uns, dass Sie eine Mitgliedschaft im Bestatterverband Saarland e.V. für sich in Erwägung ziehen.</p>



<p><strong>Unsere Beiträge:</strong></p>



<p>1. 350 Euro bis 200 Bestattungen im Jahr<br>2. 600 Euro ab 200 Bestattungen im Jahr</p>



<p>Der Fördermitgliedsbeitrag beträgt&nbsp;jährlich 350,00 EUR</p>



<p></p>



<div style="height:25px" aria-hidden="true" class="wp-block-spacer"></div>



<p>Um Mitglied zu werden, klicken Sie unten einfach auf die gewünschte Mitgliedschaft. Mit unseren digitalen Anträgen ist dies in nur wenigen Minuten erledigt.</p>



<div style="height:25px" aria-hidden="true" class="wp-block-spacer"></div>



<h2 class="wp-block-heading has-text-color" style="color:#2074bc"><strong>Hier geht&#8217;s zu dem digitalen Aufnahmeantrag</strong></h2>



<div class="wp-block-columns is-layout-flex wp-container-core-columns-is-layout-9d6595d7 wp-block-columns-is-layout-flex">
<div class="wp-block-column is-layout-flow wp-block-column-is-layout-flow">
<figure class="wp-block-image size-full"><img loading="lazy" decoding="async" width="359" height="203" src="https://bestatterverband-saar.de/wp-content/uploads/2023/01/boxes-wide-schloss.png" alt="" class="wp-image-163" srcset="https://bestatterverband-saar.de/wp-content/uploads/2023/01/boxes-wide-schloss.png 359w, https://bestatterverband-saar.de/wp-content/uploads/2023/01/boxes-wide-schloss-300x170.png 300w" sizes="auto, (max-width: 359px) 100vw, 359px" /></figure>



<h3 class="wp-block-heading alignfull has-text-align-center has-text-color" style="color:#2074bc">Unternehmensmitgliedschaft</h3>



<div class="wp-block-buttons is-layout-flex wp-block-buttons-is-layout-flex">
<div class="wp-block-button aligncenter is-style-outline is-style-outline--1"><a class="wp-block-button__link wp-element-button" href="https://bestatterverband-saar.de/wp-content/uploads/2024/04/Antrag-Bestatterverband-Saarland.pdf" style="border-radius:20px">Zum digitalen Antrag &gt;</a></div>
</div>
</div>



<div class="wp-block-column is-layout-flow wp-block-column-is-layout-flow"></div>
</div>

<p>Wir freuen uns, dass Sie eine Mitgliedschaft im Bestatterverband Saarland e.V. für sich in Erwägung ziehen. Unsere Beiträge: 1. 350 Euro bis 200 Bestattungen im Jahr2. 600 Euro ab 200 Bestattungen im Jahr Der Fördermitgliedsbeitrag beträgt&nbsp;jährlich 350,00 EUR Um Mitglied<a class="more-link" href="https://bestatterverband-saar.de/index.php/mitglied-werden/" title="Mitglied werden"><span>Read more</span></a></p>
