{"id":103,"date":"2023-01-18T14:16:11","date_gmt":"2023-01-18T14:16:11","guid":{"rendered":"https:\/\/bestatter.nedigoit.de\/?page_id=103"},"modified":"2024-04-25T07:31:05","modified_gmt":"2024-04-25T07:31:05","slug":"unser-selbstverstaendnis","status":"publish","type":"page","link":"https:\/\/bestatterverband-saar.de\/index.php\/unser-selbstverstaendnis\/","title":{"rendered":"Unser Selbstverst\u00e4ndnis"},"content":{"rendered":"\n<div class=\"wp-block-nk-awb nk-awb  alignfull\"><div class=\"nk-awb-wrap\" data-awb-type=\"color\"><div class=\"nk-awb-overlay\" style=\"background: #8ed1fc;\"><\/div><\/div><div class=\"nk-awb-wrap-content is-layout-constrained wp-block-nk-awb-is-layout-constrained\"><div class=\"wp-block-image\">\n<figure class=\"aligncenter size-full is-resized\"><img loading=\"lazy\" decoding=\"async\" width=\"2560\" height=\"1708\" src=\"https:\/\/bestatterverband-saar.de\/wp-content\/uploads\/2023\/11\/Unser-Selbstverstaendnis-scaled.jpg\" alt=\"\" class=\"wp-image-617\" style=\"width:600px\" srcset=\"https:\/\/bestatterverband-saar.de\/wp-content\/uploads\/2023\/11\/Unser-Selbstverstaendnis-scaled.jpg 2560w, https:\/\/bestatterverband-saar.de\/wp-content\/uploads\/2023\/11\/Unser-Selbstverstaendnis-300x200.jpg 300w, https:\/\/bestatterverband-saar.de\/wp-content\/uploads\/2023\/11\/Unser-Selbstverstaendnis-1024x683.jpg 1024w, https:\/\/bestatterverband-saar.de\/wp-content\/uploads\/2023\/11\/Unser-Selbstverstaendnis-768x512.jpg 768w, https:\/\/bestatterverband-saar.de\/wp-content\/uploads\/2023\/11\/Unser-Selbstverstaendnis-1536x1025.jpg 1536w, https:\/\/bestatterverband-saar.de\/wp-content\/uploads\/2023\/11\/Unser-Selbstverstaendnis-2048x1366.jpg 2048w, https:\/\/bestatterverband-saar.de\/wp-content\/uploads\/2023\/11\/Unser-Selbstverstaendnis-500x334.jpg 500w, https:\/\/bestatterverband-saar.de\/wp-content\/uploads\/2023\/11\/Unser-Selbstverstaendnis-800x534.jpg 800w, https:\/\/bestatterverband-saar.de\/wp-content\/uploads\/2023\/11\/Unser-Selbstverstaendnis-1280x854.jpg 1280w, https:\/\/bestatterverband-saar.de\/wp-content\/uploads\/2023\/11\/Unser-Selbstverstaendnis-1920x1281.jpg 1920w, https:\/\/bestatterverband-saar.de\/wp-content\/uploads\/2023\/11\/Unser-Selbstverstaendnis-450x300.jpg 450w\" sizes=\"auto, (max-width: 2560px) 100vw, 2560px\" \/><\/figure>\n<\/div><\/div><\/div>\n\n\n\n<div style=\"height:50px\" aria-hidden=\"true\" class=\"wp-block-spacer\"><\/div>\n\n\n\n<p class=\"has-medium-font-size\"><strong>Der Bestatterverband Saar hat 3 verbindliche Merkmale f\u00fcr sich definiert:<\/strong><\/p>\n\n\n\n<p><strong>Qualit\u00e4t <\/strong>\u2013 Das in uns gesetzte Vertrauen wollen wir mit jeder Aufgabe unserer Kunden voll erf\u00fcllen. Ein gleichbleibendes Niveau unserer Arbeit wird durch unsere anspruchsvollen Qualit\u00e4tsrichtlinien sichergestellt.<\/p>\n\n\n\n<p><strong>Individualit\u00e4t<\/strong> \u2013&nbsp; Die Anliegen der trauernden Angeh\u00f6rigen und die W\u00fcnsche der Verstorbenen werden von uns sehr ernst genommen. Da kein Lebensweg dem anderen gleicht, gleicht auch kein Abschied dem anderen.<\/p>\n\n\n\n<p><strong>Ausbildung<\/strong> \u2013 Wir sorgen f\u00fcr eine stetige Weiterbildung von Mitarbeitern sowie Inhabern und bilden neue Fachkr\u00e4fte aus.&nbsp;<\/p>\n\n\n\n<div style=\"height:25px\" aria-hidden=\"true\" class=\"wp-block-spacer\"><\/div>\n\n\n\n<p>Diese Merkmale bieten dem Kunden eine klare Ma\u00dfgabe, dass sie bei den Mitgliedsbetrieben des Bestatterverbandes Saar sowohl eine umfassende Betreuung, als auch eine w\u00fcrdige, individuelle Bestattungen erwarten k\u00f6nnen.<\/p>\n\n\n\n<div style=\"height:25px\" aria-hidden=\"true\" class=\"wp-block-spacer\"><\/div>\n\n\n\n<div class=\"wp-block-columns is-layout-flex wp-container-core-columns-is-layout-9d6595d7 wp-block-columns-is-layout-flex\">\n<div class=\"wp-block-column is-layout-flow wp-block-column-is-layout-flow\"><div class=\"wp-block-image\">\n<figure class=\"aligncenter size-full is-resized\"><img loading=\"lazy\" decoding=\"async\" width=\"1875\" height=\"1250\" src=\"https:\/\/bestatterverband-saar.de\/wp-content\/uploads\/2023\/11\/Ziele.jpg\" alt=\"\" class=\"wp-image-599\" style=\"width:387px;height:auto\" srcset=\"https:\/\/bestatterverband-saar.de\/wp-content\/uploads\/2023\/11\/Ziele.jpg 1875w, https:\/\/bestatterverband-saar.de\/wp-content\/uploads\/2023\/11\/Ziele-300x200.jpg 300w, https:\/\/bestatterverband-saar.de\/wp-content\/uploads\/2023\/11\/Ziele-1024x683.jpg 1024w, https:\/\/bestatterverband-saar.de\/wp-content\/uploads\/2023\/11\/Ziele-768x512.jpg 768w, https:\/\/bestatterverband-saar.de\/wp-content\/uploads\/2023\/11\/Ziele-1536x1024.jpg 1536w, https:\/\/bestatterverband-saar.de\/wp-content\/uploads\/2023\/11\/Ziele-500x333.jpg 500w, https:\/\/bestatterverband-saar.de\/wp-content\/uploads\/2023\/11\/Ziele-800x533.jpg 800w, https:\/\/bestatterverband-saar.de\/wp-content\/uploads\/2023\/11\/Ziele-1280x853.jpg 1280w, https:\/\/bestatterverband-saar.de\/wp-content\/uploads\/2023\/11\/Ziele-450x300.jpg 450w\" sizes=\"auto, (max-width: 1875px) 100vw, 1875px\" \/><\/figure>\n<\/div>\n\n\n<p><\/p>\n\n\n\n<p><\/p>\n\n\n\n<h2 class=\"wp-block-heading has-text-align-center has-text-color\" style=\"color:#2074bc\"><strong>Zielsetzung<\/strong><\/h2>\n\n\n\n<p class=\"has-text-align-center\">Ein Blick in unsere Satzung verschafft Ihnen schnell Klarheit \u00fcber den Zweck und die Ziele des Bestatterverbandes Saar. <\/p>\n\n\n\n<div class=\"wp-block-buttons is-content-justification-center is-layout-flex wp-container-core-buttons-is-layout-16018d1d wp-block-buttons-is-layout-flex\">\n<div class=\"wp-block-button is-style-outline is-style-outline--1\"><a class=\"wp-block-button__link has-text-align-left wp-element-button\" href=\"https:\/\/bestatterverband-saar.de\/wp-content\/uploads\/2024\/04\/Satzung-LFV-neue-Version-final.pdf\" style=\"border-radius:20px\">Mehr erfahren &gt;<\/a><\/div>\n<\/div>\n<\/div>\n\n\n\n<div class=\"wp-block-column is-layout-flow wp-block-column-is-layout-flow\"><div class=\"wp-block-image\">\n<figure class=\"aligncenter size-full is-resized\"><img loading=\"lazy\" decoding=\"async\" width=\"143\" height=\"200\" src=\"https:\/\/bestatterverband-saar.de\/wp-content\/uploads\/2023\/07\/bestatter-logo-blau-1.png\" alt=\"\" class=\"wp-image-570\" style=\"width:170px\"\/><\/figure>\n<\/div>\n\n\n<p><\/p>\n\n\n\n<p><\/p>\n\n\n\n<h2 class=\"wp-block-heading has-text-align-center has-text-color\" style=\"color:#2074bc\"><strong>Unser Markenzeichen<\/strong><\/h2>\n\n\n\n<p class=\"has-text-align-center\">Das Markenzeichen des Bundesverbandes Deutscher Bestatter ist als Warenzeichen und Dienstleistungsmarke eingetragen.<\/p>\n\n\n\n<div class=\"wp-block-buttons is-content-justification-center is-layout-flex wp-container-core-buttons-is-layout-16018d1d wp-block-buttons-is-layout-flex\">\n<div class=\"wp-block-button is-style-outline is-style-outline--2\"><a class=\"wp-block-button__link wp-element-button\" href=\"https:\/\/www.bestatter.de\/\" style=\"border-radius:20px\" target=\"_blank\" rel=\"noreferrer noopener\">Mehr erfahren &gt;<\/a><\/div>\n<\/div>\n<\/div>\n<\/div>\n","protected":false},"excerpt":{"rendered":"<p>Der Bestatterverband Saar hat 3 verbindliche Merkmale f\u00fcr sich definiert: Qualit\u00e4t \u2013 Das in uns gesetzte Vertrauen wollen wir mit jeder Aufgabe unserer Kunden voll erf\u00fcllen. Ein gleichbleibendes Niveau unserer Arbeit wird durch unsere anspruchsvollen Qualit\u00e4tsrichtlinien sichergestellt. Individualit\u00e4t \u2013&nbsp; Die<a class=\"more-link\" href=\"https:\/\/bestatterverband-saar.de\/index.php\/unser-selbstverstaendnis\/\" title=\"Unser Selbstverst\u00e4ndnis\"><span>Read more<\/span><\/a><\/p>\n","protected":false},"author":1,"featured_media":0,"parent":0,"menu_order":0,"comment_status":"closed","ping_status":"closed","template":"","meta":{"footnotes":""},"class_list":["post-103","page","type-page","status-publish","hentry"],"_links":{"self":[{"href":"https:\/\/bestatterverband-saar.de\/index.php\/wp-json\/wp\/v2\/pages\/103","targetHints":{"allow":["GET"]}}],"collection":[{"href":"https:\/\/bestatterverband-saar.de\/index.php\/wp-json\/wp\/v2\/pages"}],"about":[{"href":"https:\/\/bestatterverband-saar.de\/index.php\/wp-json\/wp\/v2\/types\/page"}],"author":[{"embeddable":true,"href":"https:\/\/bestatterverband-saar.de\/index.php\/wp-json\/wp\/v2\/users\/1"}],"replies":[{"embeddable":true,"href":"https:\/\/bestatterverband-saar.de\/index.php\/wp-json\/wp\/v2\/comments?post=103"}],"version-history":[{"count":32,"href":"https:\/\/bestatterverband-saar.de\/index.php\/wp-json\/wp\/v2\/pages\/103\/revisions"}],"predecessor-version":[{"id":636,"href":"https:\/\/bestatterverband-saar.de\/index.php\/wp-json\/wp\/v2\/pages\/103\/revisions\/636"}],"wp:attachment":[{"href":"https:\/\/bestatterverband-saar.de\/index.php\/wp-json\/wp\/v2\/media?parent=103"}],"curies":[{"name":"wp","href":"https:\/\/api.w.org\/{rel}","templated":true}]}}

Unser Selbstverständnis

<div class="wp-block-nk-awb nk-awb  alignfull"><div class="nk-awb-wrap" data-awb-type="color"><div class="nk-awb-overlay" style="background: #8ed1fc;"></div></div><div class="nk-awb-wrap-content is-layout-constrained wp-block-nk-awb-is-layout-constrained"><div class="wp-block-image">
<figure class="aligncenter size-full is-resized"><img loading="lazy" decoding="async" width="2560" height="1708" src="https://bestatterverband-saar.de/wp-content/uploads/2023/11/Unser-Selbstverstaendnis-scaled.jpg" alt="" class="wp-image-617" style="width:600px" srcset="https://bestatterverband-saar.de/wp-content/uploads/2023/11/Unser-Selbstverstaendnis-scaled.jpg 2560w, https://bestatterverband-saar.de/wp-content/uploads/2023/11/Unser-Selbstverstaendnis-300x200.jpg 300w, https://bestatterverband-saar.de/wp-content/uploads/2023/11/Unser-Selbstverstaendnis-1024x683.jpg 1024w, https://bestatterverband-saar.de/wp-content/uploads/2023/11/Unser-Selbstverstaendnis-768x512.jpg 768w, https://bestatterverband-saar.de/wp-content/uploads/2023/11/Unser-Selbstverstaendnis-1536x1025.jpg 1536w, https://bestatterverband-saar.de/wp-content/uploads/2023/11/Unser-Selbstverstaendnis-2048x1366.jpg 2048w, https://bestatterverband-saar.de/wp-content/uploads/2023/11/Unser-Selbstverstaendnis-500x334.jpg 500w, https://bestatterverband-saar.de/wp-content/uploads/2023/11/Unser-Selbstverstaendnis-800x534.jpg 800w, https://bestatterverband-saar.de/wp-content/uploads/2023/11/Unser-Selbstverstaendnis-1280x854.jpg 1280w, https://bestatterverband-saar.de/wp-content/uploads/2023/11/Unser-Selbstverstaendnis-1920x1281.jpg 1920w, https://bestatterverband-saar.de/wp-content/uploads/2023/11/Unser-Selbstverstaendnis-450x300.jpg 450w" sizes="auto, (max-width: 2560px) 100vw, 2560px" /></figure>
</div></div></div>



<div style="height:50px" aria-hidden="true" class="wp-block-spacer"></div>



<p class="has-medium-font-size"><strong>Der Bestatterverband Saar hat 3 verbindliche Merkmale für sich definiert:</strong></p>



<p><strong>Qualität </strong>– Das in uns gesetzte Vertrauen wollen wir mit jeder Aufgabe unserer Kunden voll erfüllen. Ein gleichbleibendes Niveau unserer Arbeit wird durch unsere anspruchsvollen Qualitätsrichtlinien sichergestellt.</p>



<p><strong>Individualität</strong> –&nbsp; Die Anliegen der trauernden Angehörigen und die Wünsche der Verstorbenen werden von uns sehr ernst genommen. Da kein Lebensweg dem anderen gleicht, gleicht auch kein Abschied dem anderen.</p>



<p><strong>Ausbildung</strong> – Wir sorgen für eine stetige Weiterbildung von Mitarbeitern sowie Inhabern und bilden neue Fachkräfte aus.&nbsp;</p>



<div style="height:25px" aria-hidden="true" class="wp-block-spacer"></div>



<p>Diese Merkmale bieten dem Kunden eine klare Maßgabe, dass sie bei den Mitgliedsbetrieben des Bestatterverbandes Saar sowohl eine umfassende Betreuung, als auch eine würdige, individuelle Bestattungen erwarten können.</p>



<div style="height:25px" aria-hidden="true" class="wp-block-spacer"></div>



<div class="wp-block-columns is-layout-flex wp-container-core-columns-is-layout-9d6595d7 wp-block-columns-is-layout-flex">
<div class="wp-block-column is-layout-flow wp-block-column-is-layout-flow"><div class="wp-block-image">
<figure class="aligncenter size-full is-resized"><img loading="lazy" decoding="async" width="1875" height="1250" src="https://bestatterverband-saar.de/wp-content/uploads/2023/11/Ziele.jpg" alt="" class="wp-image-599" style="width:387px;height:auto" srcset="https://bestatterverband-saar.de/wp-content/uploads/2023/11/Ziele.jpg 1875w, https://bestatterverband-saar.de/wp-content/uploads/2023/11/Ziele-300x200.jpg 300w, https://bestatterverband-saar.de/wp-content/uploads/2023/11/Ziele-1024x683.jpg 1024w, https://bestatterverband-saar.de/wp-content/uploads/2023/11/Ziele-768x512.jpg 768w, https://bestatterverband-saar.de/wp-content/uploads/2023/11/Ziele-1536x1024.jpg 1536w, https://bestatterverband-saar.de/wp-content/uploads/2023/11/Ziele-500x333.jpg 500w, https://bestatterverband-saar.de/wp-content/uploads/2023/11/Ziele-800x533.jpg 800w, https://bestatterverband-saar.de/wp-content/uploads/2023/11/Ziele-1280x853.jpg 1280w, https://bestatterverband-saar.de/wp-content/uploads/2023/11/Ziele-450x300.jpg 450w" sizes="auto, (max-width: 1875px) 100vw, 1875px" /></figure>
</div>


<p></p>



<p></p>



<h2 class="wp-block-heading has-text-align-center has-text-color" style="color:#2074bc"><strong>Zielsetzung</strong></h2>



<p class="has-text-align-center">Ein Blick in unsere Satzung verschafft Ihnen schnell Klarheit über den Zweck und die Ziele des Bestatterverbandes Saar. </p>



<div class="wp-block-buttons is-content-justification-center is-layout-flex wp-container-core-buttons-is-layout-16018d1d wp-block-buttons-is-layout-flex">
<div class="wp-block-button is-style-outline is-style-outline--1"><a class="wp-block-button__link has-text-align-left wp-element-button" href="https://bestatterverband-saar.de/wp-content/uploads/2024/04/Satzung-LFV-neue-Version-final.pdf" style="border-radius:20px">Mehr erfahren &gt;</a></div>
</div>
</div>



<div class="wp-block-column is-layout-flow wp-block-column-is-layout-flow"><div class="wp-block-image">
<figure class="aligncenter size-full is-resized"><img loading="lazy" decoding="async" width="143" height="200" src="https://bestatterverband-saar.de/wp-content/uploads/2023/07/bestatter-logo-blau-1.png" alt="" class="wp-image-570" style="width:170px"/></figure>
</div>


<p></p>



<p></p>



<h2 class="wp-block-heading has-text-align-center has-text-color" style="color:#2074bc"><strong>Unser Markenzeichen</strong></h2>



<p class="has-text-align-center">Das Markenzeichen des Bundesverbandes Deutscher Bestatter ist als Warenzeichen und Dienstleistungsmarke eingetragen.</p>



<div class="wp-block-buttons is-content-justification-center is-layout-flex wp-container-core-buttons-is-layout-16018d1d wp-block-buttons-is-layout-flex">
<div class="wp-block-button is-style-outline is-style-outline--2"><a class="wp-block-button__link wp-element-button" href="https://www.bestatter.de/" style="border-radius:20px" target="_blank" rel="noreferrer noopener">Mehr erfahren &gt;</a></div>
</div>
</div>
</div>

<p>Der Bestatterverband Saar hat 3 verbindliche Merkmale für sich definiert: Qualität – Das in uns gesetzte Vertrauen wollen wir mit jeder Aufgabe unserer Kunden voll erfüllen. Ein gleichbleibendes Niveau unserer Arbeit wird durch unsere anspruchsvollen Qualitätsrichtlinien sichergestellt. Individualität –&nbsp; Die<a class="more-link" href="https://bestatterverband-saar.de/index.php/unser-selbstverstaendnis/" title="Unser Selbstverständnis"><span>Read more</span></a></p>
